Last updated on 2023-12-05 13:49:44 CET.
Flavor | Version | Tinstall | Tcheck | Ttotal | Status | Flags |
---|---|---|---|---|---|---|
r-devel-linux-x86_64-debian-clang | 2.1.1 | 48.76 | 106.58 | 155.34 | NOTE | |
r-devel-linux-x86_64-debian-gcc | 2.1.1 | 33.54 | 82.63 | 116.17 | NOTE | |
r-devel-linux-x86_64-fedora-clang | 2.1.1 | 220.88 | OK | |||
r-devel-linux-x86_64-fedora-gcc | 2.1.1 | 222.41 | OK | |||
r-devel-windows-x86_64 | 2.1.1 | 38.00 | 184.00 | 222.00 | OK | |
r-patched-linux-x86_64 | 2.1.1 | 39.71 | 104.48 | 144.19 | OK | |
r-release-linux-x86_64 | 2.1.1 | 42.39 | 101.04 | 143.43 | OK | |
r-release-macos-arm64 | 2.1.1 | 73.00 | NOTE | |||
r-release-macos-x86_64 | 2.1.1 | 126.00 | NOTE | |||
r-release-windows-x86_64 | 2.1.1 | 50.00 | 170.00 | 220.00 | OK | |
r-oldrel-macos-arm64 | 2.1.1 | 68.00 | NOTE | |||
r-oldrel-macos-x86_64 | 2.1.1 | 81.00 | NOTE | |||
r-oldrel-windows-x86_64 | 2.1.1 | 47.00 | 156.00 | 203.00 | OK |
Version: 2.1.1
Check: Rd files
Result: NOTE
checkRd: (-1) riedsid.Rd:92-93: Lost braces in \itemize; meant \describe ?
checkRd: (-1) riedsid.Rd:94-96: Lost braces in \itemize; meant \describe ?
Flavors: r-devel-linux-x86_64-debian-clang, r-devel-linux-x86_64-debian-gcc
Version: 2.1.1
Check: installed package size
Result: NOTE
installed size is 5.2Mb
sub-directories of 1Mb or more:
doc 1.5Mb
libs 3.0Mb
Flavors: r-release-macos-arm64, r-release-macos-x86_64, r-oldrel-macos-arm64, r-oldrel-macos-x86_64