Last updated on 2023-12-07 12:49:41 CET.
Flavor | Version | Tinstall | Tcheck | Ttotal | Status | Flags |
---|---|---|---|---|---|---|
r-devel-linux-x86_64-debian-clang | 0.3.1 | 79.41 | 151.79 | 231.20 | NOTE | |
r-devel-linux-x86_64-debian-gcc | 0.3.1 | 60.19 | 107.24 | 167.43 | NOTE | |
r-devel-linux-x86_64-fedora-clang | 0.3.1 | 309.94 | NOTE | |||
r-devel-linux-x86_64-fedora-gcc | 0.3.1 | 353.54 | NOTE | |||
r-devel-windows-x86_64 | 0.3.1 | 61.00 | 151.00 | 212.00 | NOTE | |
r-patched-linux-x86_64 | 0.3.1 | 54.31 | 145.33 | 199.64 | NOTE | |
r-release-linux-x86_64 | 0.3.1 | 56.24 | 144.75 | 200.99 | NOTE | |
r-release-macos-arm64 | 0.3.1 | 70.00 | NOTE | |||
r-release-macos-x86_64 | 0.3.1 | 120.00 | NOTE | |||
r-release-windows-x86_64 | 0.3.1 | 78.00 | 182.00 | 260.00 | NOTE | |
r-oldrel-macos-arm64 | 0.3.1 | 60.00 | NOTE | |||
r-oldrel-macos-x86_64 | 0.3.1 | 96.00 | NOTE | |||
r-oldrel-windows-x86_64 | 0.3.1 | 77.00 | 172.00 | 249.00 | OK |
Version: 0.3.1
Check: C++ specification
Result: NOTE
Specified C++11: please drop specification unless essential
Flavors: r-devel-linux-x86_64-debian-clang, r-devel-linux-x86_64-debian-gcc, r-devel-linux-x86_64-fedora-clang, r-devel-linux-x86_64-fedora-gcc, r-devel-windows-x86_64, r-patched-linux-x86_64, r-release-linux-x86_64, r-release-macos-arm64, r-release-macos-x86_64, r-release-windows-x86_64
Version: 0.3.1
Check: installed package size
Result: NOTE
installed size is 12.3Mb
sub-directories of 1Mb or more:
libs 11.6Mb
Flavors: r-release-macos-arm64, r-release-macos-x86_64, r-oldrel-macos-arm64, r-oldrel-macos-x86_64