Last updated on 2023-11-28 01:52:42 CET.
Flavor | Version | Tinstall | Tcheck | Ttotal | Status | Flags |
---|---|---|---|---|---|---|
r-devel-linux-x86_64-debian-clang | 0.5.0 | 9.18 | 203.00 | 212.18 | OK | |
r-devel-linux-x86_64-debian-gcc | 0.5.0 | 7.22 | 152.27 | 159.49 | OK | |
r-devel-linux-x86_64-fedora-clang | 0.5.0 | 261.25 | NOTE | |||
r-devel-linux-x86_64-fedora-gcc | 0.5.0 | 275.03 | NOTE | |||
r-devel-windows-x86_64 | 0.5.0 | 8.00 | 166.00 | 174.00 | OK | |
r-patched-linux-x86_64 | 0.5.0 | 9.54 | 194.27 | 203.81 | OK | |
r-release-linux-x86_64 | 0.5.0 | 5.98 | 189.05 | 195.03 | OK | |
r-release-macos-arm64 | 0.5.0 | 105.00 | OK | |||
r-release-macos-x86_64 | 0.5.0 | 198.00 | OK | |||
r-release-windows-x86_64 | 0.5.0 | 12.00 | 219.00 | 231.00 | OK | |
r-oldrel-macos-arm64 | 0.5.0 | 85.00 | OK | |||
r-oldrel-macos-x86_64 | 0.4.1 | 103.00 | NOTE | |||
r-oldrel-windows-x86_64 | 0.5.0 | 12.00 | 212.00 | 224.00 | OK |
Version: 0.5.0
Check: dependencies in R code
Result: NOTE
Namespaces in Imports field not imported from:
‘lifecycle’ ‘patchwork’
All declared Imports should be used.
Flavors: r-devel-linux-x86_64-fedora-clang, r-devel-linux-x86_64-fedora-gcc
Version: 0.4.1
Check: dependencies in R code
Result: NOTE
Namespaces in Imports field not imported from:
‘lifecycle’ ‘patchwork’
All declared Imports should be used.
Flavor: r-oldrel-macos-x86_64