Last updated on 2023-12-07 12:49:41 CET.
Flavor | Version | Tinstall | Tcheck | Ttotal | Status | Flags |
---|---|---|---|---|---|---|
r-devel-linux-x86_64-debian-clang | 0.2.7 | 11.98 | 219.16 | 231.14 | OK | |
r-devel-linux-x86_64-debian-gcc | 0.2.7 | 10.24 | 163.39 | 173.63 | OK | |
r-devel-linux-x86_64-fedora-clang | 0.2.7 | 280.26 | OK | |||
r-devel-linux-x86_64-fedora-gcc | 0.2.7 | 284.85 | OK | |||
r-devel-windows-x86_64 | 0.2.7 | 11.00 | 188.00 | 199.00 | OK | |
r-patched-linux-x86_64 | 0.2.7 | 11.17 | 209.82 | 220.99 | OK | |
r-release-linux-x86_64 | 0.2.7 | 8.35 | 209.10 | 217.45 | OK | |
r-release-macos-arm64 | 0.2.7 | 101.00 | OK | |||
r-release-macos-x86_64 | 0.2.7 | 97.00 | NOTE | |||
r-release-windows-x86_64 | 0.2.7 | 16.00 | 232.00 | 248.00 | OK | |
r-oldrel-macos-arm64 | 0.2.7 | 96.00 | OK | |||
r-oldrel-macos-x86_64 | 0.2.7 | 170.00 | OK | |||
r-oldrel-windows-x86_64 | 0.2.7 | 16.00 | 237.00 | 253.00 | OK |
Version: 0.2.7
Check: package dependencies
Result: NOTE
Packages suggested but not available for checking: 'glmmTMB', 'DHARMa'
Flavor: r-release-macos-x86_64