Last updated on 2023-12-06 01:56:13 CET.
Flavor | Version | Tinstall | Tcheck | Ttotal | Status | Flags |
---|---|---|---|---|---|---|
r-devel-linux-x86_64-debian-clang | 0.2.3 | 85.40 | 157.75 | 243.15 | NOTE | |
r-devel-linux-x86_64-debian-gcc | 0.2.3 | 69.12 | 114.90 | 184.02 | NOTE | |
r-devel-linux-x86_64-fedora-clang | 0.2.3 | 314.83 | NOTE | |||
r-devel-linux-x86_64-fedora-gcc | 0.2.3 | 313.27 | NOTE | |||
r-devel-windows-x86_64 | 0.2.3 | 66.00 | 145.00 | 211.00 | NOTE | |
r-patched-linux-x86_64 | 0.2.3 | 65.24 | 147.66 | 212.90 | NOTE | |
r-release-linux-x86_64 | 0.2.3 | 62.87 | 150.47 | 213.34 | NOTE | |
r-release-macos-arm64 | 0.2.3 | 93.00 | NOTE | |||
r-release-macos-x86_64 | 0.2.3 | 147.00 | NOTE | |||
r-release-windows-x86_64 | 0.2.3 | 87.00 | 172.00 | 259.00 | NOTE | |
r-oldrel-macos-arm64 | 0.2.3 | 79.00 | NOTE | |||
r-oldrel-macos-x86_64 | 0.2.3 | 130.00 | NOTE | |||
r-oldrel-windows-x86_64 | 0.2.3 | 84.00 | 170.00 | 254.00 | OK |
Version: 0.2.3
Check: C++ specification
Result: NOTE
Specified C++11: please drop specification unless essential
Flavors: r-devel-linux-x86_64-debian-clang, r-devel-linux-x86_64-debian-gcc, r-devel-linux-x86_64-fedora-clang, r-devel-linux-x86_64-fedora-gcc, r-devel-windows-x86_64, r-patched-linux-x86_64, r-release-linux-x86_64, r-release-macos-arm64, r-release-macos-x86_64, r-release-windows-x86_64
Version: 0.2.3
Check: Rd \usage sections
Result: NOTE
Documented arguments not in \usage in Rd file 'mmer_adapted.Rd':
‘void’
Functions with \usage entries need to have the appropriate \alias
entries, and all their arguments documented.
The \usage entries must correspond to syntactically valid R code.
See chapter ‘Writing R documentation files’ in the ‘Writing R
Extensions’ manual.
Flavors: r-devel-linux-x86_64-debian-clang, r-devel-linux-x86_64-debian-gcc, r-devel-linux-x86_64-fedora-clang, r-devel-linux-x86_64-fedora-gcc, r-devel-windows-x86_64
Version: 0.2.3
Check: installed package size
Result: NOTE
installed size is 6.8Mb
sub-directories of 1Mb or more:
libs 5.8Mb
Flavors: r-release-macos-arm64, r-release-macos-x86_64, r-oldrel-macos-arm64, r-oldrel-macos-x86_64