Last updated on 2024-08-16 00:48:29 CEST.
Flavor | Version | Tinstall | Tcheck | Ttotal | Status | Flags |
---|---|---|---|---|---|---|
r-devel-linux-x86_64-debian-clang | 0.4.4 | 20.81 | 36.20 | 57.01 | NOTE | |
r-devel-linux-x86_64-debian-gcc | 0.4.4 | 13.11 | 27.90 | 41.01 | NOTE | |
r-devel-linux-x86_64-fedora-clang | 0.4.4 | 102.98 | NOTE | |||
r-devel-linux-x86_64-fedora-gcc | 0.4.4 | 111.19 | NOTE | |||
r-devel-windows-x86_64 | 0.4.4 | 24.00 | 76.00 | 100.00 | NOTE | |
r-patched-linux-x86_64 | 0.4.4 | 18.61 | 34.41 | 53.02 | NOTE | |
r-release-linux-x86_64 | 0.4.4 | 19.17 | 34.90 | 54.07 | NOTE | |
r-release-macos-arm64 | 0.4.4 | 37.00 | NOTE | |||
r-release-macos-x86_64 | 0.4.4 | 51.00 | NOTE | |||
r-release-windows-x86_64 | 0.4.4 | 24.00 | 77.00 | 101.00 | NOTE | |
r-oldrel-macos-arm64 | 0.4.4 | 43.00 | OK | |||
r-oldrel-macos-x86_64 | 0.4.4 | 83.00 | OK | |||
r-oldrel-windows-x86_64 | 0.4.4 | 27.00 | 88.00 | 115.00 | OK |
Version: 0.4.4
Check: Rd files
Result: NOTE
checkRd: (-1) qualpal.Rd:22-28: Lost braces in \itemize; meant \describe ?
checkRd: (-1) qualpal.Rd:30-50: Lost braces in \itemize; meant \describe ?
Flavors: r-devel-linux-x86_64-debian-clang, r-devel-linux-x86_64-debian-gcc, r-devel-linux-x86_64-fedora-clang, r-devel-linux-x86_64-fedora-gcc, r-devel-windows-x86_64, r-patched-linux-x86_64, r-release-linux-x86_64, r-release-macos-arm64, r-release-macos-x86_64, r-release-windows-x86_64