CRAN Package Check Results for Package quantmod

Last updated on 2024-02-23 13:52:36 CET.

Flavor Version Tinstall Tcheck Ttotal Status Flags
r-devel-linux-x86_64-debian-clang 0.4.26 NOTE
r-devel-linux-x86_64-debian-gcc 0.4.26 14.59 76.37 90.96 NOTE
r-devel-linux-x86_64-fedora-clang 0.4.26 147.59 OK
r-devel-linux-x86_64-fedora-gcc 0.4.26 143.03 OK
r-devel-windows-x86_64 0.4.26 15.00 97.00 112.00 OK
r-patched-linux-x86_64 0.4.26 18.82 101.83 120.65 NOTE
r-release-linux-x86_64 0.4.26 17.87 102.32 120.19 NOTE
r-release-macos-arm64 0.4.26 43.00 OK
r-release-macos-x86_64 0.4.26 86.00 OK
r-release-windows-x86_64 0.4.26 22.00 119.00 141.00 OK
r-oldrel-macos-arm64 0.4.26 43.00 OK
r-oldrel-windows-x86_64 0.4.26 25.00 120.00 145.00 OK

Check Details

Version: 0.4.26
Check: R code for possible problems
Result: NOTE Found the following calls to attach(): File ‘quantmod/R/attachSymbols.R’: attach(NULL, pos = pos, name = DB$name) attach(NULL, pos = pos, name = DB$name) See section ‘Good practice’ in ‘?attach’. Flavors: r-devel-linux-x86_64-debian-clang, r-devel-linux-x86_64-debian-gcc, r-patched-linux-x86_64, r-release-linux-x86_64