CRAN Package Check Results for Package rYoutheria

Last updated on 2024-06-14 00:53:57 CEST.

Flavor Version Tinstall Tcheck Ttotal Status Flags
r-devel-linux-x86_64-debian-clang 1.0.3 3.42 48.65 52.07 OK
r-devel-linux-x86_64-debian-gcc 1.0.3 0.36 1.67 2.03 ERROR
r-devel-linux-x86_64-fedora-clang 1.0.3 66.97 OK
r-devel-linux-x86_64-fedora-gcc 1.0.3 75.34 OK
r-devel-windows-x86_64 1.0.3 5.00 55.00 60.00 OK
r-patched-linux-x86_64 1.0.3 5.57 45.71 51.28 OK
r-release-linux-x86_64 1.0.3 5.27 46.67 51.94 OK
r-release-macos-arm64 1.0.3 24.00 OK
r-release-macos-x86_64 1.0.3 40.00 OK
r-release-windows-x86_64 1.0.3 5.00 57.00 62.00 OK
r-oldrel-macos-arm64 1.0.3 27.00 OK
r-oldrel-macos-x86_64 1.0.3 44.00 OK
r-oldrel-windows-x86_64 1.0.3 7.00 59.00 66.00 OK

Check Details

Version: 1.0.3
Check: package dependencies
Result: ERROR Package required but not available: ‘reshape2’ Packages suggested but not available for checking: 'testthat', 'roxygen2' See section ‘The DESCRIPTION file’ in the ‘Writing R Extensions’ manual. Flavor: r-devel-linux-x86_64-debian-gcc