CRAN Package Check Results for Package rappdirs

Last updated on 2024-02-29 01:55:33 CET.

Flavor Version Tinstall Tcheck Ttotal Status Flags
r-devel-linux-x86_64-debian-clang 0.3.3 2.69 25.08 27.77 NOTE
r-devel-linux-x86_64-debian-gcc 0.3.3 1.88 19.54 21.42 NOTE
r-devel-linux-x86_64-fedora-clang 0.3.3 34.58 NOTE
r-devel-linux-x86_64-fedora-gcc 0.3.3 33.25 NOTE
r-devel-windows-x86_64 0.3.3 8.00 43.00 51.00 OK
r-patched-linux-x86_64 0.3.3 2.58 24.49 27.07 OK
r-release-linux-x86_64 0.3.3 2.98 24.70 27.68 OK
r-release-macos-arm64 0.3.3 16.00 OK
r-release-macos-x86_64 0.3.3 22.00 OK
r-release-windows-x86_64 0.3.3 9.00 45.00 54.00 OK
r-oldrel-macos-arm64 0.3.3 18.00 OK
r-oldrel-windows-x86_64 0.3.3 9.00 52.00 61.00 OK

Check Details

Version: 0.3.3
Check: Rd files
Result: NOTE checkRd: (-1) user_log_dir.Rd:48: Lost braces 48 | \\env{$XDG_CACHE_HOME} if defined | ^ Flavors: r-devel-linux-x86_64-debian-clang, r-devel-linux-x86_64-debian-gcc, r-devel-linux-x86_64-fedora-clang, r-devel-linux-x86_64-fedora-gcc