Last updated on 2024-08-16 00:48:29 CEST.
Flavor | Version | Tinstall | Tcheck | Ttotal | Status | Flags |
---|---|---|---|---|---|---|
r-devel-linux-x86_64-debian-clang | 0.0.3 | 50.08 | 42.08 | 92.16 | NOTE | |
r-devel-linux-x86_64-debian-gcc | 0.0.3 | 43.19 | 34.49 | 77.68 | NOTE | |
r-devel-linux-x86_64-fedora-clang | 0.0.3 | 171.01 | NOTE | |||
r-devel-linux-x86_64-fedora-gcc | 0.0.3 | 187.76 | NOTE | |||
r-devel-windows-x86_64 | 0.0.3 | 55.00 | 83.00 | 138.00 | NOTE | |
r-patched-linux-x86_64 | 0.0.3 | 52.76 | 43.22 | 95.98 | OK | |
r-release-linux-x86_64 | 0.0.3 | 58.95 | 44.21 | 103.16 | OK | |
r-release-macos-arm64 | 0.0.3 | 47.00 | NOTE | |||
r-release-macos-x86_64 | 0.0.3 | 56.00 | NOTE | |||
r-release-windows-x86_64 | 0.0.3 | 56.00 | 83.00 | 139.00 | OK | |
r-oldrel-macos-arm64 | 0.0.3 | 50.00 | NOTE | |||
r-oldrel-macos-x86_64 | 0.0.3 | 71.00 | NOTE | |||
r-oldrel-windows-x86_64 | 0.0.3 | 73.00 | 95.00 | 168.00 | OK |
Version: 0.0.3
Check: compiled code
Result: NOTE
File ‘rar/libs/rar.so’:
Found non-API calls to R: ‘SETLENGTH’, ‘SET_GROWABLE_BIT’,
‘SET_TRUELENGTH’
Compiled code should not call non-API entry points in R.
See ‘Writing portable packages’ in the ‘Writing R Extensions’ manual,
and section ‘Moving into C API compliance’ for issues with the use of
non-API entry points.
Flavors: r-devel-linux-x86_64-debian-clang, r-devel-linux-x86_64-debian-gcc, r-devel-linux-x86_64-fedora-clang, r-devel-linux-x86_64-fedora-gcc
Version: 0.0.3
Check: compiled code
Result: NOTE
File 'rar/libs/x64/rar.dll':
Found non-API calls to R: 'SETLENGTH', 'SET_GROWABLE_BIT',
'SET_TRUELENGTH'
Compiled code should not call non-API entry points in R.
See 'Writing portable packages' in the 'Writing R Extensions' manual,
and section 'Moving into C API compliance' for issues with the use of
non-API entry points.
Flavor: r-devel-windows-x86_64
Version: 0.0.3
Check: installed package size
Result: NOTE
installed size is 8.9Mb
sub-directories of 1Mb or more:
libs 8.7Mb
Flavors: r-release-macos-arm64, r-release-macos-x86_64, r-oldrel-macos-arm64, r-oldrel-macos-x86_64