CRAN Package Check Results for Package rattle

Last updated on 2024-02-23 13:52:36 CET.

Flavor Version Tinstall Tcheck Ttotal Status Flags
r-devel-linux-x86_64-debian-clang 5.5.1 NOTE
r-devel-linux-x86_64-debian-gcc 5.5.1 21.66 90.05 111.71 NOTE
r-devel-linux-x86_64-fedora-clang 5.5.1 181.29 NOTE
r-devel-linux-x86_64-fedora-gcc 5.5.1 185.38 NOTE
r-devel-windows-x86_64 5.5.1 24.00 108.00 132.00 NOTE
r-patched-linux-x86_64 5.5.1 19.32 119.11 138.43 NOTE
r-release-linux-x86_64 5.5.1 16.91 118.09 135.00 NOTE
r-release-macos-arm64 5.5.1 54.00 NOTE
r-release-macos-x86_64 5.5.1 95.00 NOTE
r-release-windows-x86_64 5.5.1 31.00 127.00 158.00 NOTE
r-oldrel-macos-arm64 5.5.1 46.00 NOTE
r-oldrel-windows-x86_64 5.5.1 30.00 126.00 156.00 NOTE

Check Details

Version: 5.5.1
Check: package dependencies
Result: NOTE Packages suggested but not available for checking: 'cairoDevice', 'RGtk2' Flavors: r-devel-linux-x86_64-debian-clang, r-devel-linux-x86_64-debian-gcc, r-devel-linux-x86_64-fedora-clang, r-devel-linux-x86_64-fedora-gcc, r-devel-windows-x86_64, r-patched-linux-x86_64, r-release-linux-x86_64, r-release-macos-arm64, r-release-macos-x86_64, r-release-windows-x86_64, r-oldrel-macos-arm64, r-oldrel-windows-x86_64

Version: 5.5.1
Check: Rd files
Result: NOTE checkRd: (-1) acquireAuditData.Rd:24: Escaped LaTeX specials: \_ checkRd: (-1) rattle.Rd:44: Escaped LaTeX specials: \_ Flavors: r-devel-linux-x86_64-debian-clang, r-devel-linux-x86_64-debian-gcc, r-devel-linux-x86_64-fedora-clang, r-devel-linux-x86_64-fedora-gcc, r-devel-windows-x86_64, r-patched-linux-x86_64, r-release-linux-x86_64, r-release-macos-arm64, r-release-macos-x86_64, r-release-windows-x86_64

Version: 5.5.1
Check: installed package size
Result: NOTE installed size is 9.5Mb sub-directories of 1Mb or more: data 4.5Mb etc 1.9Mb po 1.2Mb Flavors: r-devel-linux-x86_64-fedora-clang, r-devel-windows-x86_64, r-release-macos-arm64, r-release-macos-x86_64, r-release-windows-x86_64, r-oldrel-macos-arm64, r-oldrel-windows-x86_64