Last updated on 2023-12-03 01:57:57 CET.
Flavor | Version | Tinstall | Tcheck | Ttotal | Status | Flags |
---|---|---|---|---|---|---|
r-devel-linux-x86_64-debian-clang | 0.1.2 | 147.43 | 133.98 | 281.41 | WARN | |
r-devel-linux-x86_64-debian-gcc | 0.1.2 | 82.84 | 94.22 | 177.06 | OK | |
r-devel-linux-x86_64-fedora-clang | 0.1.2 | 424.84 | WARN | |||
r-devel-linux-x86_64-fedora-gcc | 0.1.2 | 382.87 | OK | |||
r-devel-windows-x86_64 | 0.1.2 | 123.00 | 138.00 | 261.00 | OK | |
r-patched-linux-x86_64 | 0.1.2 | 99.23 | 129.21 | 228.44 | OK | |
r-release-linux-x86_64 | 0.1.2 | 118.71 | 130.02 | 248.73 | OK | |
r-release-macos-arm64 | 0.1.2 | 71.00 | OK | |||
r-release-macos-x86_64 | 0.1.2 | 138.00 | OK | |||
r-release-windows-x86_64 | 0.1.2 | 150.00 | 169.00 | 319.00 | OK | |
r-oldrel-macos-arm64 | 0.1.2 | 71.00 | OK | |||
r-oldrel-macos-x86_64 | 0.1.2 | 108.00 | OK | |||
r-oldrel-windows-x86_64 | 0.1.2 | 140.00 | 155.00 | 295.00 | OK |
Version: 0.1.2
Check: whether package can be installed
Result: WARN
Found the following significant warnings:
RcppExports.cpp:81:18: warning: format string is not a string literal (potentially insecure) [-Wformat-security]
RcppExports.cpp:118:18: warning: format string is not a string literal (potentially insecure) [-Wformat-security]
RcppExports.cpp:154:18: warning: format string is not a string literal (potentially insecure) [-Wformat-security]
RcppExports.cpp:189:18: warning: format string is not a string literal (potentially insecure) [-Wformat-security]
RcppExports.cpp:225:18: warning: format string is not a string literal (potentially insecure) [-Wformat-security]
RcppExports.cpp:261:18: warning: format string is not a string literal (potentially insecure) [-Wformat-security]
RcppExports.cpp:296:18: warning: format string is not a string literal (potentially insecure) [-Wformat-security]
RcppExports.cpp:334:18: warning: format string is not a string literal (potentially insecure) [-Wformat-security]
RcppExports.cpp:371:18: warning: format string is not a string literal (potentially insecure) [-Wformat-security]
RcppExports.cpp:408:18: warning: format string is not a string literal (potentially insecure) [-Wformat-security]
RcppExports.cpp:445:18: warning: format string is not a string literal (potentially insecure) [-Wformat-security]
RcppExports.cpp:481:18: warning: format string is not a string literal (potentially insecure) [-Wformat-security]
RcppExports.cpp:518:18: warning: format string is not a string literal (potentially insecure) [-Wformat-security]
RcppExports.cpp:555:18: warning: format string is not a string literal (potentially insecure) [-Wformat-security]
RcppExports.cpp:592:18: warning: format string is not a string literal (potentially insecure) [-Wformat-security]
RcppExports.cpp:629:18: warning: format string is not a string literal (potentially insecure) [-Wformat-security]
RcppExports.cpp:663:18: warning: format string is not a string literal (potentially insecure) [-Wformat-security]
RcppExports.cpp:700:18: warning: format string is not a string literal (potentially insecure) [-Wformat-security]
See ‘/home/hornik/tmp/R.check/r-devel-clang/Work/PKGS/ravetools.Rcheck/00install.out’ for details.
* used C++ compiler: ‘Debian clang version 17.0.5 (1)’
Flavor: r-devel-linux-x86_64-debian-clang
Version: 0.1.2
Check: whether package can be installed
Result: WARN
Found the following significant warnings:
RcppExports.cpp:81:18: warning: format string is not a string literal (potentially insecure) [-Wformat-security]
RcppExports.cpp:118:18: warning: format string is not a string literal (potentially insecure) [-Wformat-security]
RcppExports.cpp:154:18: warning: format string is not a string literal (potentially insecure) [-Wformat-security]
RcppExports.cpp:189:18: warning: format string is not a string literal (potentially insecure) [-Wformat-security]
RcppExports.cpp:225:18: warning: format string is not a string literal (potentially insecure) [-Wformat-security]
RcppExports.cpp:261:18: warning: format string is not a string literal (potentially insecure) [-Wformat-security]
RcppExports.cpp:296:18: warning: format string is not a string literal (potentially insecure) [-Wformat-security]
RcppExports.cpp:334:18: warning: format string is not a string literal (potentially insecure) [-Wformat-security]
RcppExports.cpp:371:18: warning: format string is not a string literal (potentially insecure) [-Wformat-security]
RcppExports.cpp:408:18: warning: format string is not a string literal (potentially insecure) [-Wformat-security]
RcppExports.cpp:445:18: warning: format string is not a string literal (potentially insecure) [-Wformat-security]
RcppExports.cpp:481:18: warning: format string is not a string literal (potentially insecure) [-Wformat-security]
RcppExports.cpp:518:18: warning: format string is not a string literal (potentially insecure) [-Wformat-security]
RcppExports.cpp:555:18: warning: format string is not a string literal (potentially insecure) [-Wformat-security]
RcppExports.cpp:592:18: warning: format string is not a string literal (potentially insecure) [-Wformat-security]
RcppExports.cpp:629:18: warning: format string is not a string literal (potentially insecure) [-Wformat-security]
RcppExports.cpp:663:18: warning: format string is not a string literal (potentially insecure) [-Wformat-security]
RcppExports.cpp:700:18: warning: format string is not a string literal (potentially insecure) [-Wformat-security]
See ‘/data/gannet/ripley/R/packages/tests-clang/ravetools.Rcheck/00install.out’ for details.
* used C++ compiler: ‘clang version 17.0.5’
Flavor: r-devel-linux-x86_64-fedora-clang