CRAN Package Check Results for Package rdss

Last updated on 2024-02-25 01:49:09 CET.

Flavor Version Tinstall Tcheck Ttotal Status Flags
r-devel-linux-x86_64-debian-clang 1.0.6 8.76 149.47 158.23 OK
r-devel-linux-x86_64-debian-gcc 1.0.6 6.73 113.05 119.78 OK
r-devel-linux-x86_64-fedora-clang 1.0.6 193.29 NOTE
r-devel-linux-x86_64-fedora-gcc 1.0.6 193.49 NOTE
r-patched-linux-x86_64 1.0.6 6.51 147.30 153.81 OK
r-release-macos-arm64 1.0.6 60.00 OK
r-release-macos-x86_64 1.0.6 141.00 OK
r-release-windows-x86_64 1.0.6 18.00 156.00 174.00 OK
r-oldrel-macos-arm64 1.0.6 63.00 OK
r-oldrel-windows-x86_64 1.0.6 16.00 157.00 173.00 OK

Check Details

Version: 1.0.6
Check: data for non-ASCII characters
Result: NOTE Note: found 5 marked UTF-8 strings Flavors: r-devel-linux-x86_64-fedora-clang, r-devel-linux-x86_64-fedora-gcc