CRAN Package Check Results for Package redR

Last updated on 2024-04-16 13:52:09 CEST.

Flavor Version Tinstall Tcheck Ttotal Status Flags
r-devel-linux-x86_64-debian-clang 1.0.1 4.39 48.52 52.91 NOTE
r-devel-linux-x86_64-debian-gcc 1.0.1 4.24 38.05 42.29 NOTE
r-devel-linux-x86_64-fedora-clang 1.0.1 68.83 NOTE
r-devel-linux-x86_64-fedora-gcc 1.0.1 64.62 NOTE
r-prerel-macos-arm64 1.0.1 24.00 NOTE
r-prerel-windows-x86_64 1.0.1 6.00 58.00 64.00 NOTE
r-patched-linux-x86_64 1.0.1 4.68 46.94 51.62 NOTE
r-release-linux-x86_64 1.0.1 5.47 48.45 53.92 OK
r-release-macos-arm64 1.0.1 26.00 OK
r-release-macos-x86_64 1.0.1 38.00 OK
r-release-windows-x86_64 1.0.1 7.00 62.00 69.00 OK
r-oldrel-macos-arm64 1.0.1 23.00 OK
r-oldrel-windows-x86_64 1.0.1 8.00 67.00 75.00 OK

Check Details

Version: 1.0.1
Check: Rd metadata
Result: NOTE Invalid package aliases in Rd file 'RED.Rd': ‘RED-package’ Flavors: r-devel-linux-x86_64-debian-clang, r-devel-linux-x86_64-debian-gcc, r-devel-linux-x86_64-fedora-clang, r-devel-linux-x86_64-fedora-gcc, r-prerel-macos-arm64, r-prerel-windows-x86_64, r-patched-linux-x86_64