CRAN Package Check Results for Package regfilter

Last updated on 2024-03-02 00:53:35 CET.

Flavor Version Tinstall Tcheck Ttotal Status Flags
r-devel-linux-x86_64-debian-clang 1.1.1 24.23 290.71 314.94 NOTE
r-devel-linux-x86_64-debian-gcc 1.1.1 16.52 210.94 227.46 NOTE
r-devel-linux-x86_64-fedora-clang 1.1.1 370.27 NOTE
r-devel-linux-x86_64-fedora-gcc 1.1.1 372.66 NOTE
r-devel-windows-x86_64 1.1.1 18.00 210.00 228.00 OK
r-patched-linux-x86_64 1.1.1 14.98 275.62 290.60 OK
r-release-linux-x86_64 1.1.1 15.10 271.70 286.80 OK
r-release-macos-arm64 1.1.1 108.00 OK
r-release-macos-x86_64 1.1.1 272.00 OK
r-release-windows-x86_64 1.1.1 23.00 277.00 300.00 OK
r-oldrel-macos-arm64 1.1.1 104.00 OK
r-oldrel-windows-x86_64 1.1.1 27.00 271.00 298.00 OK

Check Details

Version: 1.1.1
Check: Rd files
Result: NOTE checkRd: (-1) regCVCF.Rd:52: Lost braces; missing escapes or markup? 52 | a decision tree with {C4.5} on each one. Using each classifier, a prediction of the whole dataset is obtained. | ^ checkRd: (-1) summary.rfdata.Rd:17: Lost braces; missing escapes or markup? 17 | A list including information related to the noise filtering process contained in the object \code{object} of class {rfdata} with the following elements: | ^ Flavors: r-devel-linux-x86_64-debian-clang, r-devel-linux-x86_64-debian-gcc, r-devel-linux-x86_64-fedora-clang, r-devel-linux-x86_64-fedora-gcc

Version: 1.1.1
Check: dependencies in R code
Result: NOTE Namespace in Imports field not imported from: ‘sf’ All declared Imports should be used. Flavors: r-devel-linux-x86_64-fedora-clang, r-devel-linux-x86_64-fedora-gcc