Last updated on 2024-08-16 00:48:30 CEST.
Flavor | Version | Tinstall | Tcheck | Ttotal | Status | Flags |
---|---|---|---|---|---|---|
r-devel-linux-x86_64-debian-clang | 0.1.2 | 4.46 | 43.80 | 48.26 | OK | |
r-devel-linux-x86_64-debian-gcc | 0.1.2 | 3.88 | 31.78 | 35.66 | OK | |
r-devel-linux-x86_64-fedora-clang | 0.1.2 | 82.43 | NOTE | |||
r-devel-linux-x86_64-fedora-gcc | 0.1.2 | 89.60 | NOTE | |||
r-devel-windows-x86_64 | 0.1.2 | 7.00 | 60.00 | 67.00 | OK | |
r-patched-linux-x86_64 | 0.1.2 | 4.56 | 41.61 | 46.17 | OK | |
r-release-linux-x86_64 | 0.1.2 | 4.18 | 41.76 | 45.94 | OK | |
r-release-macos-arm64 | 0.1.2 | 32.00 | OK | |||
r-release-macos-x86_64 | 0.1.2 | 47.00 | OK | |||
r-release-windows-x86_64 | 0.1.2 | 8.00 | 61.00 | 69.00 | OK | |
r-oldrel-macos-arm64 | 0.1.2 | 36.00 | OK | |||
r-oldrel-macos-x86_64 | 0.1.2 | 60.00 | OK | |||
r-oldrel-windows-x86_64 | 0.1.2 | 8.00 | 71.00 | 79.00 | OK |
Version: 0.1.2
Check: data for non-ASCII characters
Result: NOTE
Note: found 20 marked UTF-8 strings
Flavors: r-devel-linux-x86_64-fedora-clang, r-devel-linux-x86_64-fedora-gcc