Last updated on 2024-08-31 12:49:20 CEST.
Flavor | Version | Tinstall | Tcheck | Ttotal | Status | Flags |
---|---|---|---|---|---|---|
r-devel-linux-x86_64-debian-clang | 0.6-13 | 10.32 | 78.94 | 89.26 | OK | |
r-devel-linux-x86_64-debian-gcc | 0.6-13 | 6.29 | 54.82 | 61.11 | OK | |
r-devel-linux-x86_64-fedora-clang | 0.6-13 | 143.62 | NOTE | |||
r-devel-linux-x86_64-fedora-gcc | 0.6-13 | 147.61 | NOTE | |||
r-devel-windows-x86_64 | 0.6-13 | 9.00 | 115.00 | 124.00 | NOTE | |
r-patched-linux-x86_64 | 0.6-13 | 10.85 | 75.77 | 86.62 | OK | |
r-release-linux-x86_64 | 0.6-13 | 8.46 | 74.28 | 82.74 | OK | |
r-release-macos-arm64 | 0.6-13 | 44.00 | NOTE | |||
r-release-macos-x86_64 | 0.6-13 | 95.00 | NOTE | |||
r-release-windows-x86_64 | 0.6-13 | 12.00 | 131.00 | 143.00 | NOTE | |
r-oldrel-macos-arm64 | 0.6-13 | 51.00 | NOTE | |||
r-oldrel-macos-x86_64 | 0.6-13 | 82.00 | NOTE | |||
r-oldrel-windows-x86_64 | 0.6-13 | 12.00 | 124.00 | 136.00 | NOTE |
Version: 0.6-13
Check: package dependencies
Result: NOTE
Package which this enhances but not available for checking: ‘Rcplex’
Flavors: r-devel-linux-x86_64-fedora-clang, r-devel-linux-x86_64-fedora-gcc, r-devel-windows-x86_64, r-release-macos-arm64, r-release-macos-x86_64, r-release-windows-x86_64, r-oldrel-macos-arm64, r-oldrel-macos-x86_64, r-oldrel-windows-x86_64
Version: 0.6-13
Check: Rd cross-references
Result: NOTE
Undeclared package ‘graph’ in Rd xrefs
Flavor: r-devel-linux-x86_64-fedora-clang