Last updated on 2023-12-07 01:54:46 CET.
Flavor | Version | Tinstall | Tcheck | Ttotal | Status | Flags |
---|---|---|---|---|---|---|
r-devel-linux-x86_64-debian-clang | 1.2.1 | 59.12 | 344.41 | 403.53 | NOTE | |
r-devel-linux-x86_64-debian-gcc | 1.2.1 | 47.17 | 258.09 | 305.26 | NOTE | |
r-devel-linux-x86_64-fedora-clang | 1.2.1 | 509.07 | NOTE | |||
r-devel-linux-x86_64-fedora-gcc | 1.2.1 | 494.84 | NOTE | |||
r-devel-windows-x86_64 | 1.2.1 | 50.00 | 246.00 | 296.00 | OK | |
r-patched-linux-x86_64 | 1.2.1 | 58.62 | 330.57 | 389.19 | NOTE | |
r-release-linux-x86_64 | 1.2.1 | 55.86 | 330.32 | 386.18 | NOTE | |
r-release-macos-arm64 | 1.2.1 | 119.00 | OK | |||
r-release-macos-x86_64 | 1.2.1 | 226.00 | OK | |||
r-release-windows-x86_64 | 1.2.1 | 63.00 | 323.00 | 386.00 | OK | |
r-oldrel-macos-arm64 | 1.2.1 | 98.00 | OK | |||
r-oldrel-macos-x86_64 | 1.2.1 | 144.00 | OK | |||
r-oldrel-windows-x86_64 | 1.2.1 | 65.00 | 300.00 | 365.00 | OK |
Version: 1.2.1
Check: for non-standard things in the check directory
Result: NOTE
Found the following files/directories:
‘vdendool_mode_01_int_predictor.grd’
‘vdendool_mode_01_int_predictor.gri’
‘vdendool_mode_01_int_response.grd’
‘vdendool_mode_01_int_response.gri’
‘vdendool_mode_01_p_predictor.grd’ ‘vdendool_mode_01_p_predictor.gri’
‘vdendool_mode_01_p_response.grd’ ‘vdendool_mode_01_p_response.gri’
‘vdendool_mode_01_r_predictor.grd’ ‘vdendool_mode_01_r_predictor.gri’
‘vdendool_mode_01_r_response.grd’ ‘vdendool_mode_01_r_response.gri’
‘vdendool_mode_01_resid_predictor.grd’
‘vdendool_mode_01_resid_predictor.gri’
‘vdendool_mode_01_resid_response.grd’
‘vdendool_mode_01_resid_response.gri’
‘vdendool_mode_01_rsq_predictor.grd’
‘vdendool_mode_01_rsq_predictor.gri’
‘vdendool_mode_01_rsq_response.grd’
‘vdendool_mode_01_rsq_response.gri’
‘vdendool_mode_01_rsq_sums_predictor.grd’
‘vdendool_mode_01_rsq_sums_predictor.gri’
‘vdendool_mode_01_slp_predictor.grd’
‘vdendool_mode_01_slp_predictor.gri’
‘vdendool_mode_01_slp_response.grd’
‘vdendool_mode_01_slp_response.gri’
‘vdendool_mode_02_int_predictor.grd’
‘vdendool_mode_02_int_predictor.gri’
‘vdendool_mode_02_int_response.grd’
‘vdendool_mode_02_int_response.gri’
‘vdendool_mode_02_p_predictor.grd’ ‘vdendool_mode_02_p_predictor.gri’
‘vdendool_mode_02_p_response.grd’ ‘vdendool_mode_02_p_response.gri’
‘vdendool_mode_02_r_predictor.grd’ ‘vdendool_mode_02_r_predictor.gri’
‘vdendool_mode_02_r_response.grd’ ‘vdendool_mode_02_r_response.gri’
‘vdendool_mode_02_resid_predictor.grd’
‘vdendool_mode_02_resid_predictor.gri’
‘vdendool_mode_02_resid_response.grd’
‘vdendool_mode_02_resid_response.gri’
‘vdendool_mode_02_rsq_predictor.grd’
‘vdendool_mode_02_rsq_predictor.gri’
‘vdendool_mode_02_rsq_response.grd’
‘vdendool_mode_02_rsq_response.gri’
‘vdendool_mode_02_rsq_sums_predictor.grd’
‘vdendool_mode_02_rsq_sums_predictor.gri’
‘vdendool_mode_02_slp_predictor.grd’
‘vdendool_mode_02_slp_predictor.gri’
‘vdendool_mode_02_slp_response.grd’
‘vdendool_mode_02_slp_response.gri’
Flavors: r-devel-linux-x86_64-debian-clang, r-devel-linux-x86_64-debian-gcc, r-devel-linux-x86_64-fedora-clang, r-devel-linux-x86_64-fedora-gcc, r-patched-linux-x86_64, r-release-linux-x86_64
Version: 1.2.1
Check: compiled code
Result: NOTE
File ‘remote/libs/remote.so’:
Found no calls to: ‘R_registerRoutines’, ‘R_useDynamicSymbols’
It is good practice to register native routines and to disable symbol
search.
See ‘Writing portable packages’ in the ‘Writing R Extensions’ manual.
Flavors: r-devel-linux-x86_64-fedora-clang, r-devel-linux-x86_64-fedora-gcc