Last updated on 2023-12-03 12:48:36 CET.
Flavor | Version | Tinstall | Tcheck | Ttotal | Status | Flags |
---|---|---|---|---|---|---|
r-devel-linux-x86_64-debian-clang | 3.4 | 169.25 | 39.65 | 208.90 | OK | |
r-devel-linux-x86_64-debian-gcc | 3.4 | 134.30 | 31.49 | 165.79 | OK | |
r-devel-linux-x86_64-fedora-clang | 3.4 | 323.46 | NOTE | |||
r-devel-linux-x86_64-fedora-gcc | 3.4 | 347.77 | NOTE | |||
r-devel-windows-x86_64 | 3.4 | 130.00 | 73.00 | 203.00 | OK | |
r-patched-linux-x86_64 | 3.4 | 151.63 | 38.90 | 190.53 | OK | |
r-release-linux-x86_64 | 3.4 | 150.29 | 39.43 | 189.72 | OK | |
r-release-macos-arm64 | 3.4 | 84.00 | NOTE | |||
r-release-macos-x86_64 | 3.4 | 135.00 | NOTE | |||
r-release-windows-x86_64 | 3.4 | 171.00 | 84.00 | 255.00 | OK | |
r-oldrel-macos-arm64 | 3.4 | 71.00 | NOTE | |||
r-oldrel-macos-x86_64 | 3.4 | 90.00 | NOTE | |||
r-oldrel-windows-x86_64 | 3.4 | 162.00 | 84.00 | 246.00 | OK |
Version: 3.4
Check: compiled code
Result: NOTE
File ‘repolr/libs/repolr.so’:
Found no calls to: ‘R_registerRoutines’, ‘R_useDynamicSymbols’
It is good practice to register native routines and to disable symbol
search.
See ‘Writing portable packages’ in the ‘Writing R Extensions’ manual.
Flavors: r-devel-linux-x86_64-fedora-clang, r-devel-linux-x86_64-fedora-gcc
Version: 3.4
Check: installed package size
Result: NOTE
installed size is 10.3Mb
sub-directories of 1Mb or more:
libs 10.1Mb
Flavors: r-release-macos-arm64, r-release-macos-x86_64, r-oldrel-macos-arm64, r-oldrel-macos-x86_64