CRAN Package Check Results for Package restoptr

Last updated on 2023-12-04 01:48:54 CET.

Flavor Version Tinstall Tcheck Ttotal Status Flags
r-devel-linux-x86_64-debian-clang 1.0.6 24.02 447.82 471.84 OK
r-devel-linux-x86_64-debian-gcc 1.0.6 25.17 330.82 355.99 OK
r-devel-linux-x86_64-fedora-clang 1.0.6 576.58 NOTE
r-devel-linux-x86_64-fedora-gcc 1.0.6 573.57 OK
r-devel-windows-x86_64 1.0.6 22.00 335.00 357.00 NOTE
r-patched-linux-x86_64 1.0.6 31.27 440.06 471.33 OK
r-release-linux-x86_64 1.0.6 23.99 430.95 454.94 OK
r-release-macos-arm64 1.0.6 165.00 NOTE
r-release-macos-x86_64 1.0.6 418.00 NOTE
r-release-windows-x86_64 1.0.6 30.00 398.00 428.00 NOTE
r-oldrel-macos-arm64 1.0.6 144.00 NOTE
r-oldrel-macos-x86_64 1.0.6 206.00 NOTE
r-oldrel-windows-x86_64 1.0.6 31.00 389.00 420.00 NOTE

Check Details

Version: 1.0.6
Check: installed package size
Result: NOTE installed size is 5.2Mb sub-directories of 1Mb or more: extdata 1.3Mb java 2.9Mb Flavors: r-devel-linux-x86_64-fedora-clang, r-devel-windows-x86_64, r-release-macos-arm64, r-release-macos-x86_64, r-release-windows-x86_64, r-oldrel-macos-arm64, r-oldrel-macos-x86_64, r-oldrel-windows-x86_64