Last updated on 2024-08-16 12:49:18 CEST.
Flavor | Version | Tinstall | Tcheck | Ttotal | Status | Flags |
---|---|---|---|---|---|---|
r-devel-linux-x86_64-debian-clang | 1.0.0 | 121.25 | 89.72 | 210.97 | OK | |
r-devel-linux-x86_64-debian-gcc | 1.0.0 | 99.09 | 62.18 | 161.27 | OK | |
r-devel-linux-x86_64-fedora-clang | 1.0.0 | 313.76 | OK | |||
r-devel-linux-x86_64-fedora-gcc | 1.0.0 | 392.59 | OK | |||
r-devel-windows-x86_64 | 1.0.0 | 91.00 | 124.00 | 215.00 | OK | |
r-patched-linux-x86_64 | 1.0.0 | 128.06 | 83.41 | 211.47 | OK | |
r-release-linux-x86_64 | 1.0.0 | 123.44 | 84.90 | 208.34 | OK | |
r-release-macos-arm64 | 1.0.0 | 96.00 | NOTE | |||
r-release-macos-x86_64 | 1.0.0 | 244.00 | NOTE | |||
r-release-windows-x86_64 | 1.0.0 | 90.00 | 139.00 | 229.00 | OK | |
r-oldrel-macos-arm64 | 1.0.0 | 100.00 | NOTE | |||
r-oldrel-macos-x86_64 | 1.0.0 | 194.00 | NOTE | |||
r-oldrel-windows-x86_64 | 1.0.0 | 89.00 | 160.00 | 249.00 | OK |
Version: 1.0.0
Check: installed package size
Result: NOTE
installed size is 42.1Mb
sub-directories of 1Mb or more:
libs 42.0Mb
Flavors: r-release-macos-arm64, r-release-macos-x86_64, r-oldrel-macos-arm64, r-oldrel-macos-x86_64