CRAN Package Check Results for Package revgeo

Last updated on 2024-06-18 12:56:03 CEST.

Flavor Version Tinstall Tcheck Ttotal Status Flags
r-devel-linux-x86_64-debian-clang 0.15 2.92 29.42 32.34 NOTE
r-devel-linux-x86_64-debian-gcc 0.15 2.69 23.42 26.11 NOTE
r-devel-linux-x86_64-fedora-clang 0.15 41.43 NOTE
r-devel-linux-x86_64-fedora-gcc 0.15 39.82 NOTE
r-devel-windows-x86_64 0.15 4.00 43.00 47.00 NOTE
r-patched-linux-x86_64 0.15 2.32 28.40 30.72 NOTE
r-release-linux-x86_64 0.15 3.19 28.54 31.73 NOTE
r-release-macos-arm64 0.15 17.00 NOTE
r-release-macos-x86_64 0.15 30.00 NOTE
r-release-windows-x86_64 0.15 3.00 43.00 46.00 NOTE
r-oldrel-macos-arm64 0.15 22.00 NOTE
r-oldrel-macos-x86_64 0.15 22.00 NOTE
r-oldrel-windows-x86_64 0.15 4.00 44.00 48.00 NOTE

Check Details

Version: 0.15
Check: LazyData
Result: NOTE 'LazyData' is specified without a 'data' directory Flavors: r-devel-linux-x86_64-debian-clang, r-devel-linux-x86_64-debian-gcc, r-devel-linux-x86_64-fedora-clang, r-devel-linux-x86_64-fedora-gcc, r-devel-windows-x86_64, r-patched-linux-x86_64, r-release-linux-x86_64, r-release-macos-arm64, r-release-macos-x86_64, r-release-windows-x86_64, r-oldrel-macos-arm64, r-oldrel-macos-x86_64, r-oldrel-windows-x86_64