CRAN Package Check Results for Package rgnoisefilt

Last updated on 2024-03-02 00:53:36 CET.

Flavor Version Tinstall Tcheck Ttotal Status Flags
r-devel-linux-x86_64-debian-clang 1.1.2 17.08 260.50 277.58 NOTE
r-devel-linux-x86_64-debian-gcc 1.1.2 13.07 189.04 202.11 NOTE
r-devel-linux-x86_64-fedora-clang 1.1.2 328.84 NOTE
r-devel-linux-x86_64-fedora-gcc 1.1.2 336.24 NOTE
r-devel-windows-x86_64 1.1.2 15.00 197.00 212.00 OK
r-patched-linux-x86_64 1.1.2 11.59 254.64 266.23 OK
r-release-linux-x86_64 1.1.2 11.84 249.48 261.32 OK
r-release-macos-arm64 1.1.2 94.00 OK
r-release-macos-x86_64 1.1.2 191.00 OK
r-release-windows-x86_64 1.1.2 20.00 249.00 269.00 OK
r-oldrel-macos-arm64 1.1.2 95.00 OK
r-oldrel-windows-x86_64 1.1.2 20.00 249.00 269.00 OK

Check Details

Version: 1.1.2
Check: Rd files
Result: NOTE checkRd: (-1) regCVCF.Rd:52: Lost braces; missing escapes or markup? 52 | a decision tree with {C4.5} on each one. Using each classifier, a prediction of the whole dataset is obtained. | ^ checkRd: (-1) summary.rfdata.Rd:17: Lost braces; missing escapes or markup? 17 | A list including information related to the noise filtering process contained in the object \code{object} of class {rfdata} with the following elements: | ^ Flavors: r-devel-linux-x86_64-debian-clang, r-devel-linux-x86_64-debian-gcc, r-devel-linux-x86_64-fedora-clang, r-devel-linux-x86_64-fedora-gcc