Last updated on 2024-05-09 13:48:16 CEST.
Flavor | Version | Tinstall | Tcheck | Ttotal | Status | Flags |
---|---|---|---|---|---|---|
r-devel-linux-x86_64-debian-clang | 0.2.2 | 108.61 | 57.89 | 166.50 | NOTE | |
r-devel-linux-x86_64-debian-gcc | 0.2.2 | 89.04 | 48.90 | 137.94 | NOTE | |
r-devel-linux-x86_64-fedora-clang | 0.2.2 | 217.83 | NOTE | |||
r-devel-linux-x86_64-fedora-gcc | 0.2.2 | 309.50 | NOTE | |||
r-devel-windows-x86_64 | 0.2.2 | 76.00 | 86.00 | 162.00 | NOTE | |
r-patched-linux-x86_64 | 0.2.2 | 86.56 | 61.68 | 148.24 | NOTE | |
r-release-linux-x86_64 | 0.2.2 | 81.28 | 63.12 | 144.40 | NOTE | |
r-release-macos-arm64 | 0.2.2 | 57.00 | NOTE | |||
r-release-windows-x86_64 | 0.2.2 | 79.00 | 85.00 | 164.00 | NOTE | |
r-oldrel-macos-arm64 | 0.2.2 | 65.00 | NOTE | |||
r-oldrel-macos-x86_64 | 0.2.2 | 94.00 | NOTE | |||
r-oldrel-windows-x86_64 | 0.2.2 | 95.00 | 96.00 | 191.00 | OK |
Version: 0.2.2
Check: Rd files
Result: NOTE
checkRd: (-1) riskParityPortfolio.Rd:163: Lost braces in \itemize; meant \describe ?
checkRd: (-1) riskParityPortfolio.Rd:164: Lost braces in \itemize; meant \describe ?
checkRd: (-1) riskParityPortfolio.Rd:165: Lost braces in \itemize; meant \describe ?
checkRd: (-1) riskParityPortfolio.Rd:166: Lost braces in \itemize; meant \describe ?
checkRd: (-1) riskParityPortfolio.Rd:167: Lost braces in \itemize; meant \describe ?
checkRd: (-1) riskParityPortfolio.Rd:168: Lost braces in \itemize; meant \describe ?
checkRd: (-1) riskParityPortfolio.Rd:169: Lost braces in \itemize; meant \describe ?
checkRd: (-1) riskParityPortfolio.Rd:170: Lost braces in \itemize; meant \describe ?
Flavors: r-devel-linux-x86_64-debian-clang, r-devel-linux-x86_64-debian-gcc, r-devel-linux-x86_64-fedora-clang, r-devel-linux-x86_64-fedora-gcc, r-devel-windows-x86_64, r-patched-linux-x86_64, r-release-linux-x86_64, r-release-macos-arm64, r-release-windows-x86_64
Version: 0.2.2
Check: installed package size
Result: NOTE
installed size is 25.2Mb
sub-directories of 1Mb or more:
doc 1.4Mb
libs 23.7Mb
Flavors: r-release-macos-arm64, r-oldrel-macos-arm64, r-oldrel-macos-x86_64
Version: 0.2.2
Check: package dependencies
Result: NOTE
Package suggested but not available for checking: ‘portfolioBacktest’
Flavor: r-oldrel-macos-x86_64