Last updated on 2024-08-16 00:48:30 CEST.
Flavor | Version | Tinstall | Tcheck | Ttotal | Status | Flags |
---|---|---|---|---|---|---|
r-devel-linux-x86_64-debian-clang | 0.5.1 | 4.55 | 84.88 | 89.43 | OK | |
r-devel-linux-x86_64-debian-gcc | 0.5.1 | 2.92 | 54.64 | 57.56 | OK | |
r-devel-linux-x86_64-fedora-clang | 0.5.1 | 146.30 | NOTE | |||
r-devel-linux-x86_64-fedora-gcc | 0.5.1 | 150.42 | NOTE | |||
r-devel-windows-x86_64 | 0.5.1 | 8.00 | 102.00 | 110.00 | OK | |
r-patched-linux-x86_64 | 0.5.1 | 4.30 | 79.85 | 84.15 | OK | |
r-release-linux-x86_64 | 0.5.1 | 3.77 | 81.18 | 84.95 | OK | |
r-release-macos-arm64 | 0.5.1 | 43.00 | OK | |||
r-release-macos-x86_64 | 0.5.1 | 174.00 | OK | |||
r-release-windows-x86_64 | 0.5.1 | 8.00 | 99.00 | 107.00 | OK | |
r-oldrel-macos-arm64 | 0.5.1 | 61.00 | OK | |||
r-oldrel-macos-x86_64 | 0.5.1 | 88.00 | OK | |||
r-oldrel-windows-x86_64 | 0.5.1 | 8.00 | 118.00 | 126.00 | OK |
Version: 0.5.1
Check: data for non-ASCII characters
Result: NOTE
Note: found 31 marked UTF-8 strings
Flavors: r-devel-linux-x86_64-fedora-clang, r-devel-linux-x86_64-fedora-gcc