CRAN Package Check Results for Package rnn

Last updated on 2023-12-02 12:48:30 CET.

Flavor Version Tinstall Tcheck Ttotal Status Flags
r-devel-linux-x86_64-debian-clang 1.9.0 4.87 250.97 255.84 OK
r-devel-linux-x86_64-debian-gcc 1.9.0 3.14 168.74 171.88 OK
r-devel-linux-x86_64-fedora-clang 1.9.0 298.14 NOTE
r-devel-linux-x86_64-fedora-gcc 1.9.0 305.17 NOTE
r-devel-windows-x86_64 1.9.0 4.00 173.00 177.00 OK
r-patched-linux-x86_64 1.9.0 4.25 228.64 232.89 OK
r-release-linux-x86_64 1.9.0 3.19 228.78 231.97 OK
r-release-macos-arm64 1.9.0 90.00 OK
r-release-macos-x86_64 1.9.0 253.00 OK
r-release-windows-x86_64 1.9.0 5.00 219.00 224.00 OK
r-oldrel-macos-arm64 1.9.0 74.00 OK
r-oldrel-macos-x86_64 1.9.0 92.00 OK
r-oldrel-windows-x86_64 1.9.0 7.00 225.00 232.00 OK

Check Details

Version: 1.9.0
Check: dependencies in R code
Result: NOTE Namespace in Imports field not imported from: ‘attention’ All declared Imports should be used. Flavors: r-devel-linux-x86_64-fedora-clang, r-devel-linux-x86_64-fedora-gcc