Last updated on 2024-08-16 00:48:30 CEST.
Flavor | Version | Tinstall | Tcheck | Ttotal | Status | Flags |
---|---|---|---|---|---|---|
r-devel-linux-x86_64-debian-clang | 1.9.0 | 3.42 | 178.74 | 182.16 | OK | |
r-devel-linux-x86_64-debian-gcc | 1.9.0 | 2.52 | 106.27 | 108.79 | OK | |
r-devel-linux-x86_64-fedora-clang | 1.9.0 | 310.14 | NOTE | |||
r-devel-linux-x86_64-fedora-gcc | 1.9.0 | 309.70 | NOTE | |||
r-devel-windows-x86_64 | 1.9.0 | 5.00 | 169.00 | 174.00 | OK | |
r-patched-linux-x86_64 | 1.9.0 | 3.37 | 169.18 | 172.55 | OK | |
r-release-linux-x86_64 | 1.9.0 | 3.73 | 168.59 | 172.32 | OK | |
r-release-macos-arm64 | 1.9.0 | 70.00 | OK | |||
r-release-macos-x86_64 | 1.9.0 | 142.00 | OK | |||
r-release-windows-x86_64 | 1.9.0 | 5.00 | 170.00 | 175.00 | OK | |
r-oldrel-macos-arm64 | 1.9.0 | 90.00 | OK | |||
r-oldrel-macos-x86_64 | 1.9.0 | 253.00 | OK | |||
r-oldrel-windows-x86_64 | 1.9.0 | 5.00 | 219.00 | 224.00 | OK |
Version: 1.9.0
Check: dependencies in R code
Result: NOTE
Namespace in Imports field not imported from: ‘attention’
All declared Imports should be used.
Flavors: r-devel-linux-x86_64-fedora-clang, r-devel-linux-x86_64-fedora-gcc