Last updated on 2023-12-07 12:49:44 CET.
Flavor | Version | Tinstall | Tcheck | Ttotal | Status | Flags |
---|---|---|---|---|---|---|
r-devel-linux-x86_64-debian-clang | 1.1.1 | 28.74 | 431.31 | 460.05 | NOTE | |
r-devel-linux-x86_64-debian-gcc | 1.1.1 | 26.18 | 313.42 | 339.60 | NOTE | |
r-devel-linux-x86_64-fedora-clang | 1.1.1 | 591.62 | OK | |||
r-devel-linux-x86_64-fedora-gcc | 1.1.1 | 597.09 | OK | |||
r-devel-windows-x86_64 | 1.1.1 | 24.00 | 267.00 | 291.00 | OK | |
r-patched-linux-x86_64 | 1.1.1 | 31.02 | 402.67 | 433.69 | OK | |
r-release-linux-x86_64 | 1.1.1 | 31.28 | 399.17 | 430.45 | OK | |
r-release-macos-arm64 | 1.1.1 | 118.00 | OK | |||
r-release-macos-x86_64 | 1.1.1 | 339.00 | OK | |||
r-release-windows-x86_64 | 1.1.1 | 31.00 | 365.00 | 396.00 | OK | |
r-oldrel-macos-arm64 | 1.1.1 | 103.00 | OK | |||
r-oldrel-macos-x86_64 | 1.1.1 | 170.00 | OK | |||
r-oldrel-windows-x86_64 | 1.1.1 | 33.00 | 366.00 | 399.00 | OK |
Version: 1.1.1
Check: Rd files
Result: NOTE
checkRd: (-1) projectRoads.Rd:116-117: Lost braces in \itemize; meant \describe ?
checkRd: (-1) projectRoads.Rd:118-120: Lost braces in \itemize; meant \describe ?
checkRd: (-1) projectRoads.Rd:121-125: Lost braces in \itemize; meant \describe ?
checkRd: (-1) projectRoads.Rd:126-128: Lost braces in \itemize; meant \describe ?
checkRd: (-1) projectRoads.Rd:98: Lost braces in \itemize; \value handles \item{}{} directly
checkRd: (-1) projectRoads.Rd:99-100: Lost braces in \itemize; \value handles \item{}{} directly
checkRd: (-1) projectRoads.Rd:101: Lost braces in \itemize; \value handles \item{}{} directly
checkRd: (-1) projectRoads.Rd:102: Lost braces in \itemize; \value handles \item{}{} directly
checkRd: (-1) projectRoads.Rd:103-106: Lost braces in \itemize; \value handles \item{}{} directly
Flavors: r-devel-linux-x86_64-debian-clang, r-devel-linux-x86_64-debian-gcc