Last updated on 2023-12-09 13:48:39 CET.
Flavor | Version | Tinstall | Tcheck | Ttotal | Status | Flags |
---|---|---|---|---|---|---|
r-devel-linux-x86_64-debian-clang | 0.1.0 | 253.90 | 57.29 | 311.19 | NOTE | |
r-devel-linux-x86_64-debian-gcc | 0.1.0 | 175.46 | 40.14 | 215.60 | NOTE | |
r-devel-linux-x86_64-fedora-clang | 0.1.0 | 466.18 | NOTE | |||
r-devel-linux-x86_64-fedora-gcc | 0.1.0 | 456.74 | NOTE | |||
r-devel-windows-x86_64 | 0.1.0 | 183.00 | 92.00 | 275.00 | NOTE | |
r-patched-linux-x86_64 | 0.1.0 | 203.62 | 54.43 | 258.05 | NOTE | |
r-release-linux-x86_64 | 0.1.0 | 212.53 | 54.09 | 266.62 | NOTE | |
r-release-macos-arm64 | 0.1.0 | 101.00 | NOTE | |||
r-release-macos-x86_64 | 0.1.0 | 171.00 | NOTE | |||
r-release-windows-x86_64 | 0.1.0 | 232.00 | 97.00 | 329.00 | NOTE | |
r-oldrel-macos-arm64 | 0.1.0 | 102.00 | NOTE | |||
r-oldrel-macos-x86_64 | 0.1.0 | 115.00 | NOTE | |||
r-oldrel-windows-x86_64 | 0.1.0 | 216.00 | 93.00 | 309.00 | OK |
Version: 0.1.0
Check: C++ specification
Result: NOTE
Specified C++11: please drop specification unless essential
Flavors: r-devel-linux-x86_64-debian-clang, r-devel-linux-x86_64-debian-gcc, r-devel-linux-x86_64-fedora-clang, r-devel-linux-x86_64-fedora-gcc, r-devel-windows-x86_64, r-patched-linux-x86_64, r-release-linux-x86_64, r-release-macos-arm64, r-release-macos-x86_64, r-release-windows-x86_64
Version: 0.1.0
Check: Rd files
Result: NOTE
checkRd: (-1) roben.Rd:53: Lost braces; missing escapes or markup?
53 | When {structure="sparsegroup"} (default setting), selection will be conducted on both individual and group levels (bi-level selection):
| ^
checkRd: (-1) roben.Rd:58: Lost braces; missing escapes or markup?
58 | If {structure="group"}, only group-level selection will be conducted on \eqn{||\beta_{j}||_{2}}. If {structure="individual"}, only individual-level selection will be conducted on each \eqn{\beta_{jl}}, (\eqn{l=1,\ldots,L}).
| ^
checkRd: (-1) roben.Rd:58: Lost braces; missing escapes or markup?
58 | If {structure="group"}, only group-level selection will be conducted on \eqn{||\beta_{j}||_{2}}. If {structure="individual"}, only individual-level selection will be conducted on each \eqn{\beta_{jl}}, (\eqn{l=1,\ldots,L}).
| ^
checkRd: (-1) roben.Rd:60: Lost braces; missing escapes or markup?
60 | When {sparse=TRUE} (default), spike--and--slab priors are imposed on individual and/or group levels to identify important main and interaction effects. Otherwise, Laplacian shrinkage will be used.
| ^
checkRd: (-1) roben.Rd:62: Lost braces; missing escapes or markup?
62 | When {robust=TRUE} (default), the distribution of \eqn{\epsilon_{i}} is defined as a Laplace distribution with density
| ^
checkRd: (-1) roben.Rd:65: Lost braces; missing escapes or markup?
65 | }, (\eqn{i=1,\dots,n}), which leads to a Bayesian formulation of LAD regression. If {robust=FALSE}, \eqn{\epsilon_{i}} follows a normal distribution.
| ^
checkRd: (-1) roben.Rd:74: Lost braces in \itemize; meant \describe ?
checkRd: (-1) roben.Rd:75: Lost braces in \itemize; meant \describe ?
checkRd: (-1) roben.Rd:76: Lost braces in \itemize; meant \describe ?
checkRd: (-1) roben.Rd:77: Lost braces in \itemize; meant \describe ?
Flavors: r-devel-linux-x86_64-debian-clang, r-devel-linux-x86_64-debian-gcc
Version: 0.1.0
Check: installed package size
Result: NOTE
installed size is 9.0Mb
sub-directories of 1Mb or more:
libs 8.4Mb
Flavors: r-release-macos-arm64, r-release-macos-x86_64, r-oldrel-macos-arm64, r-oldrel-macos-x86_64