CRAN Package Check Results for Package rock

Last updated on 2023-12-01 00:52:09 CET.

Flavor Version Tinstall Tcheck Ttotal Status Flags
r-devel-linux-x86_64-debian-clang 0.6.7 9.79 181.20 190.99 NOTE
r-devel-linux-x86_64-debian-gcc 0.6.7 9.84 137.71 147.55 NOTE
r-devel-linux-x86_64-fedora-clang 0.6.7 235.62 OK
r-devel-linux-x86_64-fedora-gcc 0.6.7 245.96 OK
r-devel-windows-x86_64 0.6.7 11.00 173.00 184.00 OK
r-patched-linux-x86_64 0.6.7 8.53 174.65 183.18 OK
r-release-linux-x86_64 0.6.7 6.85 170.21 177.06 OK
r-release-macos-arm64 0.6.7 78.00 OK
r-release-macos-x86_64 0.6.7 129.00 NOTE
r-release-windows-x86_64 0.6.7 15.00 217.00 232.00 OK
r-oldrel-macos-arm64 0.6.7 69.00 OK
r-oldrel-macos-x86_64 0.6.7 83.00 OK
r-oldrel-windows-x86_64 0.6.7 17.00 200.00 217.00 OK

Check Details

Version: 0.6.7
Check: Rd files
Result: NOTE checkRd: (-1) prereg_initialize.Rd:20: Lost braces; missing escapes or markup? 20 | the (pre)registration form specification (in {preregr} format), see the | ^ checkRd: (-1) prereg_initialize.Rd:23: Lost braces; missing escapes or markup? 23 | specification, or a loaded or imported {preregr} (pre)registration form. | ^ checkRd: (-1) prereg_initialize.Rd:26: Lost braces; missing escapes or markup? 26 | For an introduction to working with {preregr} (pre)registrations, | ^ checkRd: (-1) rmd_templates.Rd:70: Lost braces; missing escapes or markup? 70 | This function creates an R Markdown template from a {preregr} | ^ checkRd: (-1) rmd_templates.Rd:72: Lost braces; missing escapes or markup? 72 | Sheet holding the (pre)registration form specification (in {preregr} | ^ checkRd: (-1) rmd_templates.Rd:76: Lost braces; missing escapes or markup? 76 | specification, or a loaded or imported {preregr} (pre)registration form. | ^ Flavors: r-devel-linux-x86_64-debian-clang, r-devel-linux-x86_64-debian-gcc

Version: 0.6.7
Check: package dependencies
Result: NOTE Package suggested but not available for checking: ‘XLConnect’ Flavor: r-release-macos-x86_64