Last updated on 2023-11-29 12:57:01 CET.
Flavor | Version | Tinstall | Tcheck | Ttotal | Status | Flags |
---|---|---|---|---|---|---|
r-devel-linux-x86_64-debian-clang | 1.7-4 | 22.05 | 190.77 | 212.82 | NOTE | |
r-devel-linux-x86_64-debian-gcc | 1.7-4 | 19.02 | 138.69 | 157.71 | NOTE | |
r-devel-linux-x86_64-fedora-clang | 1.7-4 | 269.23 | NOTE | |||
r-devel-linux-x86_64-fedora-gcc | 1.7-4 | 266.87 | NOTE | |||
r-devel-windows-x86_64 | 1.7-4 | 22.00 | 217.00 | 239.00 | NOTE | |
r-patched-linux-x86_64 | 1.7-4 | 25.51 | 181.69 | 207.20 | OK | |
r-release-linux-x86_64 | 1.7-4 | 24.45 | 180.99 | 205.44 | OK | |
r-release-macos-arm64 | 1.7-4 | 80.00 | OK | |||
r-release-macos-x86_64 | 1.7-4 | 203.00 | OK | |||
r-release-windows-x86_64 | 1.7-4 | 24.00 | 245.00 | 269.00 | OK | |
r-oldrel-macos-arm64 | 1.7-4 | 75.00 | OK | |||
r-oldrel-macos-x86_64 | 1.7-4 | 111.00 | OK | |||
r-oldrel-windows-x86_64 | 1.7-4 | 31.00 | 242.00 | 273.00 | OK |
Version: 1.7-4
Check: Rd \usage sections
Result: NOTE
Documented arguments not in \usage in Rd file 'rrcov-utils.Rd':
‘tol’ ‘sv’ ‘n’ ‘p’
Functions with \usage entries need to have the appropriate \alias
entries, and all their arguments documented.
The \usage entries must correspond to syntactically valid R code.
See chapter ‘Writing R documentation files’ in the ‘Writing R
Extensions’ manual.
Flavors: r-devel-linux-x86_64-debian-clang, r-devel-linux-x86_64-debian-gcc, r-devel-linux-x86_64-fedora-clang, r-devel-linux-x86_64-fedora-gcc, r-devel-windows-x86_64