Last updated on 2023-12-10 12:51:07 CET.
Flavor | Version | Tinstall | Tcheck | Ttotal | Status | Flags |
---|---|---|---|---|---|---|
r-devel-linux-x86_64-debian-clang | 0.1-13 | 126.19 | 126.05 | 252.24 | NOTE | |
r-devel-linux-x86_64-debian-gcc | 0.1-13 | 86.78 | 91.23 | 178.01 | NOTE | |
r-devel-linux-x86_64-fedora-clang | 0.1-13 | 346.91 | NOTE | |||
r-devel-linux-x86_64-fedora-gcc | 0.1-13 | 331.42 | NOTE | |||
r-devel-windows-x86_64 | 0.1-13 | 99.00 | 119.00 | 218.00 | NOTE | |
r-patched-linux-x86_64 | 0.1-13 | 101.72 | 119.02 | 220.74 | NOTE | |
r-release-linux-x86_64 | 0.1-13 | 102.13 | 116.40 | 218.53 | NOTE | |
r-release-macos-arm64 | 0.1-13 | 80.00 | NOTE | |||
r-release-macos-x86_64 | 0.1-13 | 140.00 | NOTE | |||
r-release-windows-x86_64 | 0.1-13 | 126.00 | 146.00 | 272.00 | NOTE | |
r-oldrel-macos-arm64 | 0.1-13 | 75.00 | OK | |||
r-oldrel-macos-x86_64 | 0.1-13 | 100.00 | OK | |||
r-oldrel-windows-x86_64 | 0.1-13 | 121.00 | 135.00 | 256.00 | OK |
Version: 0.1-13
Check: C++ specification
Result: NOTE
Specified C++11: please drop specification unless essential
Flavors: r-devel-linux-x86_64-debian-clang, r-devel-linux-x86_64-debian-gcc, r-devel-linux-x86_64-fedora-clang, r-devel-linux-x86_64-fedora-gcc, r-devel-windows-x86_64, r-patched-linux-x86_64, r-release-linux-x86_64, r-release-macos-arm64, r-release-macos-x86_64, r-release-windows-x86_64
Version: 0.1-13
Check: Rd files
Result: NOTE
checkRd: (-1) mrrr.Rd:67: Lost braces in \itemize; meant \describe ?
checkRd: (-1) mrrr.Rd:68: Lost braces in \itemize; meant \describe ?
checkRd: (-1) mrrr.Rd:69-70: Lost braces in \itemize; meant \describe ?
checkRd: (-1) mrrr.Rd:71-72: Lost braces in \itemize; meant \describe ?
checkRd: (-1) mrrr.Rd:73: Lost braces in \itemize; meant \describe ?
checkRd: (-1) mrrr.Rd:74: Lost braces in \itemize; meant \describe ?
Flavors: r-devel-linux-x86_64-debian-clang, r-devel-linux-x86_64-debian-gcc