Last updated on 2024-05-21 13:52:51 CEST.
Flavor | Version | Tinstall | Tcheck | Ttotal | Status | Flags |
---|---|---|---|---|---|---|
r-devel-linux-x86_64-debian-clang | 0.1.6 | 259.61 | 36.40 | 296.01 | NOTE | |
r-devel-linux-x86_64-debian-gcc | 0.1.6 | 196.46 | 28.18 | 224.64 | NOTE | |
r-devel-linux-x86_64-fedora-clang | 0.1.6 | 406.67 | NOTE | |||
r-devel-linux-x86_64-fedora-gcc | 0.1.6 | 398.40 | NOTE | |||
r-devel-windows-x86_64 | 0.1.6 | 139.00 | 82.00 | 221.00 | NOTE | |
r-patched-linux-x86_64 | 0.1.6 | 260.04 | 34.97 | 295.01 | OK | |
r-release-linux-x86_64 | 0.1.6 | 263.13 | 35.20 | 298.33 | OK | |
r-release-macos-arm64 | 0.1.6 | 76.00 | NOTE | |||
r-release-windows-x86_64 | 0.1.6 | 141.00 | 90.00 | 231.00 | OK | |
r-oldrel-macos-arm64 | 0.1.6 | 92.00 | NOTE | |||
r-oldrel-macos-x86_64 | 0.1.6 | 109.00 | NOTE | |||
r-oldrel-windows-x86_64 | 0.1.6 | 165.00 | 101.00 | 266.00 | OK |
Version: 0.1.6
Check: compiled code
Result: NOTE
File ‘rsgeo/libs/rsgeo.so’:
Found non-API calls to R: ‘SET_ENCLOS’, ‘SET_ENVFLAGS’, ‘SET_PRCODE’,
‘SET_PRENV’, ‘SET_PRVALUE’
Compiled code should not call non-API entry points in R.
See ‘Writing portable packages’ in the ‘Writing R Extensions’ manual.
Flavors: r-devel-linux-x86_64-debian-clang, r-devel-linux-x86_64-debian-gcc, r-devel-linux-x86_64-fedora-clang, r-devel-linux-x86_64-fedora-gcc
Version: 0.1.6
Check: installed package size
Result: NOTE
installed size is 7.7Mb
sub-directories of 1Mb or more:
libs 6.9Mb
Flavors: r-devel-linux-x86_64-fedora-clang, r-release-macos-arm64, r-oldrel-macos-arm64, r-oldrel-macos-x86_64
Version: 0.1.6
Check: compiled code
Result: NOTE
File 'rsgeo/libs/x64/rsgeo.dll':
Found non-API calls to R: 'SET_ENCLOS', 'SET_ENVFLAGS', 'SET_PRCODE',
'SET_PRENV', 'SET_PRVALUE'
Compiled code should not call non-API entry points in R.
See 'Writing portable packages' in the 'Writing R Extensions' manual.
Flavor: r-devel-windows-x86_64