Last updated on 2023-12-09 13:48:40 CET.
Flavor | Version | Tinstall | Tcheck | Ttotal | Status | Flags |
---|---|---|---|---|---|---|
r-devel-linux-x86_64-debian-clang | 0.6-8 | 13.38 | 222.68 | 236.06 | OK | |
r-devel-linux-x86_64-debian-gcc | 0.6-8 | 11.73 | 155.95 | 167.68 | OK | |
r-devel-linux-x86_64-fedora-clang | 0.6-8 | 294.57 | OK | |||
r-devel-linux-x86_64-fedora-gcc | 0.6-8 | 291.82 | OK | |||
r-devel-windows-x86_64 | 0.6-8 | 16.00 | 161.00 | 177.00 | OK | |
r-patched-linux-x86_64 | 0.6-8 | 16.65 | 206.72 | 223.37 | OK | |
r-release-linux-x86_64 | 0.6-8 | 12.50 | 207.87 | 220.37 | OK | |
r-release-macos-arm64 | 0.6-8 | 99.00 | OK | |||
r-release-macos-x86_64 | 0.6-8 | 168.00 | NOTE | |||
r-release-windows-x86_64 | 0.6-8 | 21.00 | 204.00 | 225.00 | OK | |
r-oldrel-macos-arm64 | 0.6-8 | 74.00 | OK | |||
r-oldrel-macos-x86_64 | 0.6-6 | 95.00 | OK | |||
r-oldrel-windows-x86_64 | 0.6-8 | 20.00 | 205.00 | 225.00 | OK |
Version: 0.6-8
Check: package dependencies
Result: NOTE
Package suggested but not available for checking: ‘intamap’
Flavor: r-release-macos-x86_64