Last updated on 2023-11-28 01:52:45 CET.
Flavor | Version | Tinstall | Tcheck | Ttotal | Status | Flags |
---|---|---|---|---|---|---|
r-devel-linux-x86_64-debian-clang | 1.5-1 | 100.05 | 359.07 | 459.12 | OK | |
r-devel-linux-x86_64-debian-gcc | 1.5-1 | 89.65 | 272.40 | 362.05 | OK | |
r-devel-linux-x86_64-fedora-clang | 1.5-1 | 594.75 | NOTE | |||
r-devel-linux-x86_64-fedora-gcc | 1.5-1 | 620.06 | OK | |||
r-devel-windows-x86_64 | 1.5-1 | 81.00 | 269.00 | 350.00 | NOTE | |
r-patched-linux-x86_64 | 1.5-1 | 79.75 | 350.68 | 430.43 | OK | |
r-release-linux-x86_64 | 1.5-1 | 67.26 | 358.83 | 426.09 | OK | |
r-release-macos-arm64 | 1.5-1 | 132.00 | NOTE | |||
r-release-macos-x86_64 | 1.5-1 | 370.00 | NOTE | |||
r-release-windows-x86_64 | 1.5-1 | 116.00 | 344.00 | 460.00 | NOTE | |
r-oldrel-macos-arm64 | 1.5-1 | 128.00 | NOTE | |||
r-oldrel-macos-x86_64 | 1.5-1 | 173.00 | NOTE | |||
r-oldrel-windows-x86_64 | 1.5-1 | 114.00 | 331.00 | 445.00 | NOTE |
Version: 1.5-1
Check: installed package size
Result: NOTE
installed size is 7.4Mb
sub-directories of 1Mb or more:
R 3.0Mb
libs 2.1Mb
Flavors: r-devel-linux-x86_64-fedora-clang, r-devel-windows-x86_64, r-release-macos-arm64, r-release-macos-x86_64, r-release-windows-x86_64, r-oldrel-macos-arm64, r-oldrel-macos-x86_64, r-oldrel-windows-x86_64