CRAN Package Check Results for Package rvec

Last updated on 2024-04-22 01:49:56 CEST.

Flavor Version Tinstall Tcheck Ttotal Status Flags
r-devel-linux-x86_64-debian-clang 0.0.6 10.26 103.47 113.73 OK
r-devel-linux-x86_64-debian-gcc 0.0.6 6.95 73.75 80.70 OK
r-devel-linux-x86_64-fedora-clang 0.0.6 141.50 OK
r-devel-linux-x86_64-fedora-gcc 0.0.6 150.45 OK
r-prerel-macos-arm64 0.0.6 37.00 OK
r-prerel-windows-x86_64 0.0.6 8.00 95.00 103.00 OK
r-patched-linux-x86_64 0.0.6 9.56 96.47 106.03 OK
r-release-linux-x86_64 0.0.6 6.03 93.92 99.95 OK
r-release-macos-arm64 0.0.6 46.00 WARN
r-release-macos-x86_64 0.0.6 100.00 WARN
r-release-windows-x86_64 0.0.6 12.00 114.00 126.00 OK

Check Details

Version: 0.0.6
Check: S3 generic/method consistency
Result: WARN matrixOps: function(e1, e2) matrixOps.rvec: function(x, y) See section ‘Generic functions and methods’ in the ‘Writing R Extensions’ manual. Flavors: r-release-macos-arm64, r-release-macos-x86_64