CRAN Package Check Results for Package rvinecopulib

Last updated on 2024-02-25 01:49:11 CET.

Flavor Version Tinstall Tcheck Ttotal Status Flags
r-devel-linux-x86_64-debian-clang 0.6.3.1.1 154.42 80.42 234.84 OK
r-devel-linux-x86_64-debian-gcc 0.6.3.1.1 130.89 64.38 195.27 OK
r-devel-linux-x86_64-fedora-clang 0.6.3.1.1 286.16 NOTE
r-devel-linux-x86_64-fedora-gcc 0.6.3.1.1 349.79 OK
r-devel-windows-x86_64 0.6.3.1.1 113.00 126.00 239.00 NOTE
r-patched-linux-x86_64 0.6.3.1.1 157.51 84.26 241.77 OK
r-release-linux-x86_64 0.6.3.1.1 156.05 84.75 240.80 OK
r-release-macos-arm64 0.6.3.1.1 101.00 NOTE
r-release-macos-x86_64 0.6.3.1.1 154.00 NOTE
r-release-windows-x86_64 0.6.3.1.1 144.00 144.00 288.00 NOTE
r-oldrel-macos-arm64 0.6.3.1.1 81.00 NOTE
r-oldrel-windows-x86_64 0.6.3.1.1 134.00 142.00 276.00 NOTE

Check Details

Version: 0.6.3.1.1
Check: installed package size
Result: NOTE installed size is 10.4Mb sub-directories of 1Mb or more: include 5.0Mb libs 5.0Mb Flavors: r-devel-linux-x86_64-fedora-clang, r-devel-windows-x86_64, r-release-macos-arm64, r-release-macos-x86_64, r-release-windows-x86_64, r-oldrel-macos-arm64, r-oldrel-windows-x86_64

Version: 0.6.3.1.1
Check: Rd cross-references
Result: NOTE Undeclared package ‘wdm’ in Rd xrefs Flavor: r-devel-linux-x86_64-fedora-clang