Last updated on 2023-12-08 00:52:08 CET.
Flavor | Version | Tinstall | Tcheck | Ttotal | Status | Flags |
---|---|---|---|---|---|---|
r-devel-linux-x86_64-debian-clang | 1.3-8 | 33.76 | 389.29 | 423.05 | OK | |
r-devel-linux-x86_64-debian-gcc | 1.3-8 | 27.66 | 289.99 | 317.65 | OK | |
r-devel-linux-x86_64-fedora-clang | 1.3-8 | 534.60 | NOTE | |||
r-devel-linux-x86_64-fedora-gcc | 1.3-8 | 528.05 | OK | |||
r-devel-windows-x86_64 | 1.3-8 | 28.00 | 290.00 | 318.00 | NOTE | |
r-patched-linux-x86_64 | 1.3-8 | 33.18 | 378.19 | 411.37 | OK | |
r-release-linux-x86_64 | 1.3-8 | 32.94 | 377.60 | 410.54 | OK | |
r-release-macos-arm64 | 1.3-8 | 151.00 | NOTE | |||
r-release-macos-x86_64 | 1.3-8 | 414.00 | NOTE | |||
r-release-windows-x86_64 | 1.3-8 | 37.00 | 368.00 | 405.00 | NOTE | |
r-oldrel-macos-arm64 | 1.3-8 | 122.00 | NOTE | |||
r-oldrel-macos-x86_64 | 1.3-8 | 188.00 | NOTE | |||
r-oldrel-windows-x86_64 | 1.3-8 | 38.00 | 341.00 | 379.00 | NOTE |
Version: 1.3-8
Check: installed package size
Result: NOTE
installed size is 6.3Mb
sub-directories of 1Mb or more:
data 2.1Mb
doc 3.9Mb
Flavors: r-devel-linux-x86_64-fedora-clang, r-devel-windows-x86_64, r-release-macos-arm64, r-release-macos-x86_64, r-release-windows-x86_64, r-oldrel-macos-arm64, r-oldrel-macos-x86_64, r-oldrel-windows-x86_64