Last updated on 2023-12-06 12:53:47 CET.
Flavor | Version | Tinstall | Tcheck | Ttotal | Status | Flags |
---|---|---|---|---|---|---|
r-devel-linux-x86_64-debian-clang | 0.2.12 | 136.52 | 31.00 | 167.52 | OK | |
r-devel-linux-x86_64-debian-gcc | 0.2.12 | 98.56 | 24.37 | 122.93 | OK | |
r-devel-linux-x86_64-fedora-clang | 0.2.12 | 266.78 | OK | |||
r-devel-linux-x86_64-fedora-gcc | 0.2.12 | 244.70 | OK | |||
r-devel-windows-x86_64 | 0.2.12 | 104.00 | 74.00 | 178.00 | OK | |
r-patched-linux-x86_64 | 0.2.12 | 118.91 | 30.22 | 149.13 | OK | |
r-release-linux-x86_64 | 0.2.12 | 115.09 | 30.44 | 145.53 | OK | |
r-release-macos-arm64 | 0.2.12 | 57.00 | NOTE | |||
r-release-macos-x86_64 | 0.2.12 | 76.00 | NOTE | |||
r-release-windows-x86_64 | 0.2.12 | 104.00 | 79.00 | 183.00 | OK | |
r-oldrel-macos-arm64 | 0.2.12 | 58.00 | NOTE | |||
r-oldrel-macos-x86_64 | 0.2.11 | 77.00 | NOTE | |||
r-oldrel-windows-x86_64 | 0.2.12 | 135.00 | 76.00 | 211.00 | OK |
Version: 0.2.12
Check: installed package size
Result: NOTE
installed size is 8.8Mb
sub-directories of 1Mb or more:
libs 8.5Mb
Flavors: r-release-macos-arm64, r-release-macos-x86_64, r-oldrel-macos-arm64
Version: 0.2.11
Check: installed package size
Result: NOTE
installed size is 9.4Mb
sub-directories of 1Mb or more:
libs 9.1Mb
Flavor: r-oldrel-macos-x86_64