Last updated on 2023-12-05 13:49:47 CET.
Flavor | Version | Tinstall | Tcheck | Ttotal | Status | Flags |
---|---|---|---|---|---|---|
r-devel-linux-x86_64-debian-clang | 1.1.4 | 691.78 | 87.84 | 779.62 | NOTE | |
r-devel-linux-x86_64-debian-gcc | 1.1.4 | 540.43 | 56.51 | 596.94 | NOTE | |
r-devel-linux-x86_64-fedora-clang | 1.1.4 | 1419.39 | NOTE | |||
r-devel-linux-x86_64-fedora-gcc | 1.1.4 | 1375.39 | NOTE | |||
r-devel-windows-x86_64 | 1.1.4 | 614.00 | 158.00 | 772.00 | NOTE | |
r-patched-linux-x86_64 | 1.1.4 | 664.54 | 73.16 | 737.70 | NOTE | |
r-release-linux-x86_64 | 1.1.4 | 681.50 | 72.45 | 753.95 | NOTE | |
r-release-macos-arm64 | 1.1.4 | 221.00 | NOTE | |||
r-release-macos-x86_64 | 1.1.4 | 178.00 | NOTE | |||
r-release-windows-x86_64 | 1.1.4 | 782.00 | 181.00 | 963.00 | NOTE | |
r-oldrel-macos-arm64 | 1.1.4 | 223.00 | NOTE | |||
r-oldrel-macos-x86_64 | 1.1.4 | 271.00 | NOTE | |||
r-oldrel-windows-x86_64 | 1.1.4 | 700.00 | 154.00 | 854.00 | NOTE |
Version: 1.1.4
Check: C++ specification
Result: NOTE
Specified C++11: please drop specification unless essential
Flavors: r-devel-linux-x86_64-debian-clang, r-devel-linux-x86_64-debian-gcc, r-devel-linux-x86_64-fedora-clang, r-devel-linux-x86_64-fedora-gcc, r-devel-windows-x86_64, r-patched-linux-x86_64, r-release-linux-x86_64, r-release-macos-arm64, r-release-macos-x86_64, r-release-windows-x86_64
Version: 1.1.4
Check: Rd cross-references
Result: NOTE
Undeclared package ‘sf’ in Rd xrefs
Flavor: r-devel-linux-x86_64-fedora-clang
Version: 1.1.4
Check: installed package size
Result: NOTE
installed size is 6.5Mb
sub-directories of 1Mb or more:
libs 5.4Mb
Flavors: r-devel-windows-x86_64, r-release-macos-arm64, r-release-macos-x86_64, r-release-windows-x86_64, r-oldrel-macos-arm64, r-oldrel-macos-x86_64, r-oldrel-windows-x86_64