CRAN Package Check Results for Package sClust

Last updated on 2024-04-21 12:54:12 CEST.

Flavor Version Tinstall Tcheck Ttotal Status Flags
r-devel-linux-x86_64-debian-clang 1.0 2.77 40.89 43.66 NOTE
r-devel-linux-x86_64-debian-gcc 1.0 2.08 31.78 33.86 NOTE
r-devel-linux-x86_64-fedora-clang 1.0 57.70 NOTE
r-devel-linux-x86_64-fedora-gcc 1.0 59.67 NOTE
r-prerel-macos-arm64 1.0 24.00 NOTE
r-prerel-windows-x86_64 1.0 5.00 63.00 68.00 NOTE
r-patched-linux-x86_64 1.0 3.70 38.70 42.40 NOTE
r-release-linux-x86_64 1.0 3.27 39.74 43.01 OK
r-release-macos-arm64 1.0 25.00 OK
r-release-macos-x86_64 1.0 37.00 OK
r-release-windows-x86_64 1.0 3.00 64.00 67.00 OK
r-oldrel-macos-arm64 1.0 23.00 OK
r-oldrel-windows-x86_64 1.0 5.00 69.00 74.00 OK

Check Details

Version: 1.0
Check: Rd files
Result: NOTE checkRd: (-1) HierarchicalClust.Rd:32: Lost braces in \itemize; \value handles \item{}{} directly checkRd: (-1) HierarchicalSC.Rd:29: Lost braces in \itemize; \value handles \item{}{} directly checkRd: (-1) HierarchicalSC.Rd:30: Lost braces in \itemize; \value handles \item{}{} directly checkRd: (-1) HierarchicalSC.Rd:31: Lost braces in \itemize; \value handles \item{}{} directly checkRd: (-1) MSC.Rd:47: Lost braces in \itemize; \value handles \item{}{} directly checkRd: (-1) MSC.Rd:48: Lost braces in \itemize; \value handles \item{}{} directly checkRd: (-1) MSC.Rd:49: Lost braces in \itemize; \value handles \item{}{} directly checkRd: (-1) PeronaFreemanSC.Rd:19: Lost braces in \itemize; \value handles \item{}{} directly checkRd: (-1) PeronaFreemanSC.Rd:20: Lost braces in \itemize; \value handles \item{}{} directly checkRd: (-1) PeronaFreemanSC.Rd:21: Lost braces in \itemize; \value handles \item{}{} directly checkRd: (-1) ShiMalikSC.Rd:19: Lost braces in \itemize; \value handles \item{}{} directly checkRd: (-1) ShiMalikSC.Rd:20: Lost braces in \itemize; \value handles \item{}{} directly checkRd: (-1) ShiMalikSC.Rd:21: Lost braces in \itemize; \value handles \item{}{} directly checkRd: (-1) UnormalizedSC.Rd:21: Lost braces in \itemize; \value handles \item{}{} directly checkRd: (-1) UnormalizedSC.Rd:22: Lost braces in \itemize; \value handles \item{}{} directly checkRd: (-1) UnormalizedSC.Rd:23: Lost braces in \itemize; \value handles \item{}{} directly checkRd: (-1) VonLuxburgSC.Rd:21: Lost braces in \itemize; \value handles \item{}{} directly checkRd: (-1) VonLuxburgSC.Rd:22: Lost braces in \itemize; \value handles \item{}{} directly checkRd: (-1) VonLuxburgSC.Rd:23: Lost braces in \itemize; \value handles \item{}{} directly checkRd: (-1) compute.laplacian.NJW.Rd:17: Lost braces in \itemize; \value handles \item{}{} directly checkRd: (-1) compute.laplacian.NJW.Rd:18: Lost braces in \itemize; \value handles \item{}{} directly checkRd: (-1) compute.laplacian.NJW.Rd:19: Lost braces in \itemize; \value handles \item{}{} directly checkRd: (-1) fastClustering.Rd:35: Lost braces in \itemize; \value handles \item{}{} directly checkRd: (-1) fastClustering.Rd:36: Lost braces in \itemize; \value handles \item{}{} directly checkRd: (-1) fastClustering.Rd:37: Lost braces in \itemize; \value handles \item{}{} directly checkRd: (-1) fastClustering.Rd:38: Lost braces in \itemize; \value handles \item{}{} directly checkRd: (-1) fastClustering.Rd:39: Lost braces in \itemize; \value handles \item{}{} directly checkRd: (-1) recursClust.Rd:53: Lost braces in \itemize; \value handles \item{}{} directly checkRd: (-1) recursClust.Rd:54: Lost braces in \itemize; \value handles \item{}{} directly checkRd: (-1) recursClust.Rd:55: Lost braces in \itemize; \value handles \item{}{} directly checkRd: (-1) spectralPAM.Rd:21: Lost braces in \itemize; \value handles \item{}{} directly checkRd: (-1) spectralPAM.Rd:22: Lost braces in \itemize; \value handles \item{}{} directly checkRd: (-1) spectralPAM.Rd:23: Lost braces in \itemize; \value handles \item{}{} directly Flavors: r-devel-linux-x86_64-debian-clang, r-devel-linux-x86_64-debian-gcc, r-devel-linux-x86_64-fedora-clang, r-devel-linux-x86_64-fedora-gcc, r-prerel-macos-arm64, r-prerel-windows-x86_64, r-patched-linux-x86_64