CRAN Package Check Results for Package safetyGraphics

Last updated on 2024-04-14 12:52:15 CEST.

Flavor Version Tinstall Tcheck Ttotal Status Flags
r-devel-linux-x86_64-debian-clang 2.1.1 9.13 116.09 125.22 NOTE
r-devel-linux-x86_64-debian-gcc 2.1.1 10.47 87.07 97.54 NOTE
r-devel-linux-x86_64-fedora-clang 2.1.1 169.86 NOTE
r-devel-linux-x86_64-fedora-gcc 2.1.1 174.28 NOTE
r-devel-windows-x86_64 2.1.1 12.00 112.00 124.00 NOTE
r-patched-linux-x86_64 2.1.1 8.54 111.74 120.28 NOTE
r-release-linux-x86_64 2.1.1 12.48 109.81 122.29 OK
r-release-macos-arm64 2.1.1 85.00 OK
r-release-macos-x86_64 2.1.1 113.00 OK
r-release-windows-x86_64 2.1.1 16.00 137.00 153.00 OK
r-oldrel-macos-arm64 2.1.1 70.00 OK
r-oldrel-windows-x86_64 2.1.1 16.00 141.00 157.00 OK

Check Details

Version: 2.1.1
Check: Rd files
Result: NOTE checkRd: (-1) app_startup.Rd:35: Lost braces in \itemize; \value handles \item{}{} directly checkRd: (-1) app_startup.Rd:36: Lost braces in \itemize; \value handles \item{}{} directly checkRd: (-1) app_startup.Rd:37: Lost braces in \itemize; \value handles \item{}{} directly checkRd: (-1) app_startup.Rd:38: Lost braces in \itemize; \value handles \item{}{} directly checkRd: (-1) app_startup.Rd:39: Lost braces in \itemize; \value handles \item{}{} directly checkRd: (-1) makeChartConfig.Rd:17: Lost braces; missing escapes or markup? 17 | \item{packages}{installed packages names containing yaml config files in the /inst/{packageLocation} folder} | ^ checkRd: (-1) makeChartConfig.Rd:26: Lost braces in \itemize; \value handles \item{}{} directly checkRd: (-1) makeChartConfig.Rd:27: Lost braces in \itemize; \value handles \item{}{} directly checkRd: (-1) makeChartConfig.Rd:28: Lost braces in \itemize; \value handles \item{}{} directly checkRd: (-1) makeChartConfig.Rd:29: Lost braces in \itemize; \value handles \item{}{} directly checkRd: (-1) makeChartConfig.Rd:30: Lost braces in \itemize; \value handles \item{}{} directly checkRd: (-1) makeChartConfig.Rd:31: Lost braces in \itemize; \value handles \item{}{} directly checkRd: (-1) makeChartConfig.Rd:32: Lost braces in \itemize; \value handles \item{}{} directly checkRd: (-1) makeChartConfig.Rd:33: Lost braces in \itemize; \value handles \item{}{} directly checkRd: (-1) makeChartConfig.Rd:34: Lost braces in \itemize; \value handles \item{}{} directly checkRd: (-1) makeChartConfig.Rd:35: Lost braces in \itemize; \value handles \item{}{} directly checkRd: (-1) makeChartConfig.Rd:36: Lost braces in \itemize; \value handles \item{}{} directly checkRd: (-1) makeChartConfig.Rd:37: Lost braces in \itemize; \value handles \item{}{} directly checkRd: (-1) makeMapping.Rd:21: Lost braces in \itemize; \value handles \item{}{} directly checkRd: (-1) makeMapping.Rd:22: Lost braces in \itemize; \value handles \item{}{} directly checkRd: (-1) makeMeta.Rd:30: Lost braces; missing escapes or markup? 30 | \item Domain-level metadata saved as meta_{chart$name} in the chart$package namespace | ^ checkRd: (-1) makeMeta.Rd:31: Lost braces; missing escapes or markup? 31 | \item Chart-specific metadata saved as meta_{chart$domain} in the chart$package namespace | ^ Flavors: r-devel-linux-x86_64-debian-clang, r-devel-linux-x86_64-debian-gcc, r-devel-linux-x86_64-fedora-clang, r-devel-linux-x86_64-fedora-gcc, r-devel-windows-x86_64, r-patched-linux-x86_64