Last updated on 2024-08-31 12:49:22 CEST.
Flavor | Version | Tinstall | Tcheck | Ttotal | Status | Flags |
---|---|---|---|---|---|---|
r-devel-linux-x86_64-debian-clang | 0.1.4 | 10.43 | 190.63 | 201.06 | NOTE | |
r-devel-linux-x86_64-debian-gcc | 0.1.4 | 6.38 | 124.42 | 130.80 | NOTE | |
r-devel-linux-x86_64-fedora-clang | 0.1.4 | 323.20 | NOTE | |||
r-devel-linux-x86_64-fedora-gcc | 0.1.4 | 328.04 | NOTE | |||
r-devel-windows-x86_64 | 0.1.4 | 12.00 | 199.00 | 211.00 | NOTE | |
r-patched-linux-x86_64 | 0.1.4 | 15.40 | 179.59 | 194.99 | OK | |
r-release-linux-x86_64 | 0.1.4 | 8.74 | 179.42 | 188.16 | OK | |
r-release-macos-arm64 | 0.1.4 | 90.00 | OK | |||
r-release-macos-x86_64 | 0.1.4 | 157.00 | OK | |||
r-release-windows-x86_64 | 0.1.4 | 14.00 | 204.00 | 218.00 | OK | |
r-oldrel-macos-arm64 | 0.1.4 | 90.00 | OK | |||
r-oldrel-macos-x86_64 | 0.1.4 | 160.00 | OK | |||
r-oldrel-windows-x86_64 | 0.1.4 | 16.00 | 239.00 | 255.00 | OK |
Version: 0.1.4
Check: Rd cross-references
Result: NOTE
Found the following Rd file(s) with Rd \link{} targets missing package
anchors:
sfn_plot.Rd: geom_point, geom_col
Please provide package anchors for all Rd \link{} targets not in the
package itself and the base packages.
Flavors: r-devel-linux-x86_64-debian-clang, r-devel-linux-x86_64-debian-gcc, r-devel-windows-x86_64
Version: 0.1.4
Check: data for non-ASCII characters
Result: NOTE
Note: found 4 marked UTF-8 strings
Flavors: r-devel-linux-x86_64-fedora-clang, r-devel-linux-x86_64-fedora-gcc