Last updated on 2024-08-16 00:48:31 CEST.
Flavor | Version | Tinstall | Tcheck | Ttotal | Status | Flags |
---|---|---|---|---|---|---|
r-devel-linux-x86_64-debian-clang | 1.0.0 | 31.22 | 145.29 | 176.51 | NOTE | |
r-devel-linux-x86_64-debian-gcc | 1.0.0 | 21.40 | 96.93 | 118.33 | NOTE | |
r-devel-linux-x86_64-fedora-clang | 1.0.0 | 292.34 | NOTE | |||
r-devel-linux-x86_64-fedora-gcc | 1.0.0 | 294.78 | NOTE | |||
r-devel-windows-x86_64 | 1.0.0 | 35.00 | 158.00 | 193.00 | OK | |
r-patched-linux-x86_64 | 1.0.0 | 31.24 | 143.03 | 174.27 | NOTE | |
r-release-linux-x86_64 | 1.0.0 | 31.79 | 141.27 | 173.06 | NOTE | |
r-release-macos-arm64 | 1.0.0 | 66.00 | NOTE | |||
r-release-macos-x86_64 | 1.0.0 | 110.00 | NOTE | |||
r-release-windows-x86_64 | 1.0.0 | 35.00 | 155.00 | 190.00 | OK | |
r-oldrel-macos-arm64 | 1.0.0 | 82.00 | NOTE | |||
r-oldrel-macos-x86_64 | 1.0.0 | 141.00 | NOTE | |||
r-oldrel-windows-x86_64 | 1.0.0 | 45.00 | 217.00 | 262.00 | OK |
Version: 1.0.0
Check: C++ specification
Result: NOTE
Specified C++11: please drop specification unless essential
Flavors: r-devel-linux-x86_64-debian-clang, r-devel-linux-x86_64-debian-gcc, r-devel-linux-x86_64-fedora-clang, r-devel-linux-x86_64-fedora-gcc, r-patched-linux-x86_64, r-release-linux-x86_64, r-release-macos-arm64, r-release-macos-x86_64, r-oldrel-macos-arm64, r-oldrel-macos-x86_64