Last updated on 2023-11-29 12:57:02 CET.
Flavor | Version | Tinstall | Tcheck | Ttotal | Status | Flags |
---|---|---|---|---|---|---|
r-devel-linux-x86_64-debian-clang | 0.4.1 | 297.10 | 280.70 | 577.80 | OK | |
r-devel-linux-x86_64-debian-gcc | 0.4.1 | 198.69 | 226.66 | 425.35 | OK | |
r-devel-linux-x86_64-fedora-clang | 0.4.1 | 663.08 | NOTE | |||
r-devel-linux-x86_64-fedora-gcc | 0.4.1 | 795.02 | OK | |||
r-devel-windows-x86_64 | 0.4.1 | 204.00 | 273.00 | 477.00 | NOTE | |
r-patched-linux-x86_64 | 0.4.1 | 170.21 | 292.93 | 463.14 | OK | |
r-release-linux-x86_64 | 0.4.1 | 189.28 | 285.76 | 475.04 | OK | |
r-release-macos-arm64 | 0.4.1 | 156.00 | NOTE | |||
r-release-macos-x86_64 | 0.4.1 | 308.00 | NOTE | |||
r-release-windows-x86_64 | 0.4.1 | 266.00 | 329.00 | 595.00 | NOTE | |
r-oldrel-macos-arm64 | 0.4.1 | 173.00 | NOTE | |||
r-oldrel-macos-x86_64 | 0.4.0 | 229.00 | NOTE | |||
r-oldrel-windows-x86_64 | 0.4.1 | 251.00 | 310.00 | 561.00 | NOTE |
Version: 0.4.1
Check: installed package size
Result: NOTE
installed size is 7.6Mb
sub-directories of 1Mb or more:
libs 5.7Mb
Flavors: r-devel-linux-x86_64-fedora-clang, r-devel-windows-x86_64, r-release-macos-arm64, r-release-macos-x86_64, r-release-windows-x86_64, r-oldrel-macos-arm64, r-oldrel-windows-x86_64
Version: 0.4.0
Check: installed package size
Result: NOTE
installed size is 61.7Mb
sub-directories of 1Mb or more:
libs 59.9Mb
Flavor: r-oldrel-macos-x86_64