Last updated on 2024-08-16 00:48:32 CEST.
Flavor | Version | Tinstall | Tcheck | Ttotal | Status | Flags |
---|---|---|---|---|---|---|
r-devel-linux-x86_64-debian-clang | 0.8.5 | 19.95 | 189.42 | 209.37 | NOTE | |
r-devel-linux-x86_64-debian-gcc | 0.8.5 | 13.13 | 124.29 | 137.42 | NOTE | |
r-devel-linux-x86_64-fedora-clang | 0.8.5 | 340.90 | NOTE | |||
r-devel-linux-x86_64-fedora-gcc | 0.8.5 | 345.76 | NOTE | |||
r-devel-windows-x86_64 | 0.8.5 | 24.00 | 192.00 | 216.00 | NOTE | |
r-patched-linux-x86_64 | 0.8.5 | 20.34 | 176.33 | 196.67 | NOTE | |
r-release-linux-x86_64 | 0.8.5 | 16.70 | 176.82 | 193.52 | NOTE | |
r-release-macos-arm64 | 0.8.5 | 98.00 | NOTE | |||
r-release-macos-x86_64 | 0.8.5 | 208.00 | NOTE | |||
r-release-windows-x86_64 | 0.8.5 | 24.00 | 191.00 | 215.00 | NOTE | |
r-oldrel-macos-arm64 | 0.8.5 | 124.00 | OK | |||
r-oldrel-macos-x86_64 | 0.8.5 | 194.00 | OK | |||
r-oldrel-windows-x86_64 | 0.8.5 | 30.00 | 249.00 | 279.00 | OK |
Version: 0.8.5
Check: Rd files
Result: NOTE
checkRd: (-1) match_dataphy.Rd:37-38: Lost braces in \itemize; meant \describe ?
checkRd: (-1) match_dataphy.Rd:39-41: Lost braces in \itemize; meant \describe ?
checkRd: (-1) match_dataphy.Rd:42-44: Lost braces in \itemize; meant \describe ?
Flavors: r-devel-linux-x86_64-debian-clang, r-devel-linux-x86_64-debian-gcc, r-devel-linux-x86_64-fedora-clang, r-devel-linux-x86_64-fedora-gcc, r-devel-windows-x86_64, r-patched-linux-x86_64, r-release-linux-x86_64, r-release-macos-arm64, r-release-macos-x86_64, r-release-windows-x86_64