Last updated on 2023-12-07 12:49:45 CET.
Flavor | Version | Tinstall | Tcheck | Ttotal | Status | Flags |
---|---|---|---|---|---|---|
r-devel-linux-x86_64-debian-clang | 1.2.6 | 503.28 | 356.05 | 859.33 | OK | |
r-devel-linux-x86_64-debian-gcc | 1.2.6 | 323.70 | 239.90 | 563.60 | OK | |
r-devel-linux-x86_64-fedora-clang | 1.2.6 | 1224.75 | NOTE | |||
r-devel-linux-x86_64-fedora-gcc | 1.2.6 | 1167.10 | OK | |||
r-devel-windows-x86_64 | 1.2.6 | 351.00 | 332.00 | 683.00 | NOTE | |
r-patched-linux-x86_64 | 1.2.6 | 344.23 | 313.99 | 658.22 | OK | |
r-release-linux-x86_64 | 1.2.6 | 308.72 | 314.67 | 623.39 | OK | |
r-release-macos-arm64 | 1.2.6 | 205.00 | NOTE | |||
r-release-macos-x86_64 | 1.2.6 | 415.00 | NOTE | |||
r-release-windows-x86_64 | 1.2.6 | 459.00 | 363.00 | 822.00 | NOTE | |
r-oldrel-macos-arm64 | 1.2.6 | 231.00 | NOTE | |||
r-oldrel-macos-x86_64 | 1.2.6 | 318.00 | NOTE | |||
r-oldrel-windows-x86_64 | 1.2.6 | 442.00 | 359.00 | 801.00 | NOTE |
Version: 1.2.6
Check: installed package size
Result: NOTE
installed size is 8.1Mb
sub-directories of 1Mb or more:
doc 6.4Mb
Flavors: r-devel-linux-x86_64-fedora-clang, r-devel-windows-x86_64, r-release-macos-arm64, r-release-macos-x86_64, r-release-windows-x86_64, r-oldrel-macos-arm64, r-oldrel-macos-x86_64, r-oldrel-windows-x86_64