CRAN Package Check Results for Package sfheaders

Last updated on 2023-12-04 01:48:57 CET.

Flavor Version Tinstall Tcheck Ttotal Status Flags
r-devel-linux-x86_64-debian-clang 0.4.3 147.14 51.31 198.45 OK
r-devel-linux-x86_64-debian-gcc 0.4.3 109.16 39.55 148.71 OK
r-devel-linux-x86_64-fedora-clang 0.4.3 278.66 OK
r-devel-linux-x86_64-fedora-gcc 0.4.3 297.46 OK
r-devel-windows-x86_64 0.4.3 107.00 84.00 191.00 OK
r-patched-linux-x86_64 0.4.3 118.23 50.32 168.55 OK
r-release-linux-x86_64 0.4.3 126.09 50.79 176.88 OK
r-release-macos-arm64 0.4.3 63.00 NOTE
r-release-macos-x86_64 0.4.3 78.00 NOTE
r-release-windows-x86_64 0.4.3 137.00 105.00 242.00 OK
r-oldrel-macos-arm64 0.4.3 58.00 NOTE
r-oldrel-macos-x86_64 0.4.3 107.00 NOTE
r-oldrel-windows-x86_64 0.4.3 131.00 96.00 227.00 OK

Check Details

Version: 0.4.3
Check: installed package size
Result: NOTE installed size is 7.9Mb sub-directories of 1Mb or more: libs 7.4Mb Flavors: r-release-macos-arm64, r-release-macos-x86_64, r-oldrel-macos-arm64, r-oldrel-macos-x86_64