CRAN Package Check Results for Package sfsmisc

Last updated on 2024-02-27 01:50:16 CET.

Flavor Version Tinstall Tcheck Ttotal Status Flags
r-devel-linux-x86_64-debian-clang 1.1-17 7.39 81.26 88.65 OK
r-devel-linux-x86_64-debian-gcc 1.1-17 6.04 61.71 67.75 OK
r-devel-linux-x86_64-fedora-clang 1.1-17 110.67 NOTE
r-devel-linux-x86_64-fedora-gcc 1.1-17 115.36 OK
r-devel-windows-x86_64 1.1-17 8.00 101.00 109.00 OK
r-patched-linux-x86_64 1.1-17 10.90 79.54 90.44 OK
r-release-linux-x86_64 1.1-17 8.08 79.68 87.76 OK
r-release-macos-arm64 1.1-17 45.00 OK
r-release-macos-x86_64 1.1-17 122.00 OK
r-release-windows-x86_64 1.1-17 10.00 117.00 127.00 OK
r-oldrel-macos-arm64 1.1-17 45.00 OK
r-oldrel-windows-x86_64 1.1-17 12.00 120.00 132.00 OK

Check Details

Version: 1.1-17
Check: Rd cross-references
Result: NOTE Undeclared packages ‘relevance’, ‘DescTools’ in Rd xrefs Flavor: r-devel-linux-x86_64-fedora-clang