Last updated on 2024-05-06 00:53:00 CEST.
Flavor | Version | Tinstall | Tcheck | Ttotal | Status | Flags |
---|---|---|---|---|---|---|
r-devel-linux-x86_64-debian-clang | 1.4.6 | 14.93 | 151.55 | 166.48 | NOTE | |
r-devel-linux-x86_64-debian-gcc | 1.4.6 | 10.42 | 113.28 | 123.70 | NOTE | |
r-devel-linux-x86_64-fedora-clang | 1.4.6 | 221.32 | NOTE | |||
r-devel-linux-x86_64-fedora-gcc | 1.4.6 | 215.30 | NOTE | |||
r-devel-windows-x86_64 | 1.4.6 | 13.00 | 166.00 | 179.00 | NOTE | |
r-patched-linux-x86_64 | 1.4.6 | 17.26 | 149.06 | 166.32 | NOTE | |
r-release-linux-x86_64 | 1.4.6 | 9.47 | 139.44 | 148.91 | NOTE | |
r-release-macos-arm64 | 1.4.6 | 68.00 | NOTE | |||
r-release-macos-x86_64 | 1.4.6 | 193.00 | NOTE | |||
r-release-windows-x86_64 | 1.4.6 | 14.00 | 158.00 | 172.00 | NOTE | |
r-oldrel-macos-arm64 | 1.4.6 | 73.00 | NOTE | |||
r-oldrel-macos-x86_64 | 1.4.6 | 176.00 | NOTE | |||
r-oldrel-windows-x86_64 | 1.4.6 | 18.00 | 185.00 | 203.00 | NOTE |
Version: 1.4.6
Check: package dependencies
Result: NOTE
Package suggested but not available for checking: ‘rCOSA’
Flavors: r-devel-linux-x86_64-debian-clang, r-devel-linux-x86_64-debian-gcc, r-devel-linux-x86_64-fedora-clang, r-devel-linux-x86_64-fedora-gcc, r-devel-windows-x86_64, r-patched-linux-x86_64, r-release-linux-x86_64, r-release-macos-arm64, r-release-macos-x86_64, r-release-windows-x86_64, r-oldrel-macos-arm64, r-oldrel-macos-x86_64, r-oldrel-windows-x86_64
Version: 1.4.6
Check: Rd cross-references
Result: NOTE
Package unavailable to check Rd xrefs: ‘rCOSA’
Flavors: r-devel-linux-x86_64-debian-clang, r-devel-linux-x86_64-debian-gcc, r-devel-linux-x86_64-fedora-clang, r-devel-linux-x86_64-fedora-gcc, r-devel-windows-x86_64, r-patched-linux-x86_64, r-release-linux-x86_64, r-release-macos-arm64, r-release-macos-x86_64, r-release-windows-x86_64, r-oldrel-macos-arm64, r-oldrel-macos-x86_64, r-oldrel-windows-x86_64