CRAN Package Check Results for Package shinyrecipes

Last updated on 2024-04-24 13:55:46 CEST.

Flavor Version Tinstall Tcheck Ttotal Status Flags
r-devel-linux-x86_64-debian-clang 0.1.0 19.18 133.88 153.06 NOTE
r-devel-linux-x86_64-debian-gcc 0.1.0 13.46 97.08 110.54 NOTE
r-devel-linux-x86_64-fedora-clang 0.1.0 197.37 NOTE
r-devel-linux-x86_64-fedora-gcc 0.1.0 187.59 NOTE
r-devel-windows-x86_64 0.1.0 16.00 106.00 122.00 NOTE
r-patched-linux-x86_64 0.1.0 10.47 126.90 137.37 NOTE
r-release-linux-x86_64 0.1.0 10.82 126.83 137.65 NOTE
r-release-macos-arm64 0.1.0 59.00 NOTE
r-release-windows-x86_64 0.1.0 16.00 104.00 120.00 NOTE
r-oldrel-macos-arm64 0.1.0 53.00 NOTE
r-oldrel-macos-x86_64 0.1.0 95.00 NOTE
r-oldrel-windows-x86_64 0.1.0 23.00 142.00 165.00 NOTE

Check Details

Version: 0.1.0
Check: LazyData
Result: NOTE 'LazyData' is specified without a 'data' directory Flavors: r-devel-linux-x86_64-debian-clang, r-devel-linux-x86_64-debian-gcc, r-devel-linux-x86_64-fedora-clang, r-devel-linux-x86_64-fedora-gcc, r-devel-windows-x86_64, r-patched-linux-x86_64, r-release-linux-x86_64, r-release-macos-arm64, r-release-windows-x86_64, r-oldrel-macos-arm64, r-oldrel-macos-x86_64, r-oldrel-windows-x86_64